{"id":292,"date":"2021-10-23T22:37:54","date_gmt":"2021-10-23T22:37:54","guid":{"rendered":"https:\/\/cts-chile.cl\/xiiiencuentro\/?page_id=292"},"modified":"2025-09-29T20:55:32","modified_gmt":"2025-09-29T20:55:32","slug":"convocatoria","status":"publish","type":"page","link":"https:\/\/cts-chile.cl\/xiiiencuentro\/convocatoria\/","title":{"rendered":"Convocatoria"},"content":{"rendered":"\n<div class=\"wp-block-cover aligncenter wp-duotone-unset-1\" style=\"min-height:738px;aspect-ratio:unset;\"><img data-recalc-dims=\"1\" loading=\"lazy\" decoding=\"async\" width=\"768\" height=\"1024\" class=\"wp-block-cover__image-background wp-image-1088 size-large\" alt=\"\" src=\"https:\/\/i0.wp.com\/cts-chile.cl\/xiiiencuentro\/wp-content\/uploads\/2025\/09\/WhatsApp-Image-2025-09-29-at-17.51.41_10d1c754.jpg?resize=768%2C1024&#038;ssl=1\" style=\"object-position:50% 0%\" data-object-fit=\"cover\" data-object-position=\"50% 0%\" srcset=\"https:\/\/i0.wp.com\/cts-chile.cl\/xiiiencuentro\/wp-content\/uploads\/2025\/09\/WhatsApp-Image-2025-09-29-at-17.51.41_10d1c754.jpg?resize=768%2C1024&amp;ssl=1 768w, https:\/\/i0.wp.com\/cts-chile.cl\/xiiiencuentro\/wp-content\/uploads\/2025\/09\/WhatsApp-Image-2025-09-29-at-17.51.41_10d1c754.jpg?resize=225%2C300&amp;ssl=1 225w, https:\/\/i0.wp.com\/cts-chile.cl\/xiiiencuentro\/wp-content\/uploads\/2025\/09\/WhatsApp-Image-2025-09-29-at-17.51.41_10d1c754.jpg?resize=690%2C920&amp;ssl=1 690w, https:\/\/i0.wp.com\/cts-chile.cl\/xiiiencuentro\/wp-content\/uploads\/2025\/09\/WhatsApp-Image-2025-09-29-at-17.51.41_10d1c754.jpg?resize=800%2C1067&amp;ssl=1 800w, https:\/\/i0.wp.com\/cts-chile.cl\/xiiiencuentro\/wp-content\/uploads\/2025\/09\/WhatsApp-Image-2025-09-29-at-17.51.41_10d1c754.jpg?w=960&amp;ssl=1 960w\" sizes=\"auto, (max-width: 768px) 100vw, 768px\" \/><span aria-hidden=\"true\" class=\"wp-block-cover__background has-background-dim-10 has-background-dim\" style=\"background-color:#4a7fce\"><\/span><div class=\"wp-block-cover__inner-container is-layout-flow wp-block-cover-is-layout-flow\">\n<p class=\"has-text-align-center has-large-font-size\"><\/p>\n<\/div><\/div>\n\n\n\n<p class=\"has-text-color has-larger-font-size\" style=\"color:#07adef\"><strong>CTS-Chile&nbsp;Concepci\u00f3n, 1 de Octubre de 2025<\/strong><\/p>\n\n\n\n<p class=\"has-text-align-right has-black-color has-text-color has-link-color wp-elements-d12389115e62fd11c9ad0da38fbb63b2\">Hace m\u00e1s de cinco d\u00e9cadas que el campo de Ciencia, Tecnoloog\u00eda y Sociedad ha sido un espacio de reflexi\u00f3n cr\u00edtica y propositiva en Europa, Estados Unidos y Canad\u00e1. En Chile, desde 2014, la\u202f<a href=\"https:\/\/www.cts-chile.cl\/\" target=\"_blank\" rel=\"noreferrer noopener\">Red Chilena de Ciencia, Tecnolog\u00eda y Sociedad (CTS-Chile)<\/a> ha realizado un encuentro anual. Al reunir a acad\u00e9micas\/os, estudiantes, investigadoras\/es emergentes, activistas y tomadores de decisi\u00f3n, el Encuentro CTS-Chile act\u00faa como plataforma de confluencia entre ciencia, ciudadan\u00eda y pol\u00edtica, promoviendo redes de colaboraci\u00f3n y articulaci\u00f3n intersectorial.&nbsp;<\/p>\n\n\n\n<p class=\"has-text-align-right has-text-color has-link-color wp-elements-972d30acc0170a49b55c2dbcd4cd7c3a\" style=\"color:#07adef\">Como campo interdisciplinar, los encuentros anuales de CTS-Chile son espacios en los cuales distintas disciplinas puedan dialogar, y en especial se busca generar marcos anal\u00edticos que integren conocimiento de las ciencias naturales y las ciencias sociales. Dada que las problem\u00e1ticas complejas del siglo XXI \u2014como el cambio clim\u00e1tico, la p\u00e9rdida de biodiversidad, las desigualdades territoriales o la automatizaci\u00f3n\u2014no pueden ser abordadas eficazmente desde un enfoque mono-disciplinar, los Encuentros CTS aportan con un espacio cient\u00edfico que integran conocimientos, alientan el trabajo colaborativo entre disciplinas y sectores, y fortalece capacidades para la interdisciplina. <strong>Es un espacio intelectualmente creativo que construye la interdisciplina desde y para las distintas \u00e1reas disciplinarias como son antropolog\u00eda, ciencia pol\u00edtica, geograf\u00eda, educaci\u00f3n, sociolog\u00eda, filosof\u00eda como tambi\u00e9n la biolog\u00eda y ciencias ambientales<\/strong>.&nbsp;&nbsp;<\/p>\n\n\n\n<p class=\"has-text-align-right\">En su 13\u00b0 versi\u00f3n, este encuentro se realizar\u00e1 entre los d\u00edas\u202f<strong>14, 15 y 16 enero de 2026<\/strong>\u202f en la\u202f <strong>Universidad de Concepci\u00f3n.<\/strong>\u202f&nbsp;<\/p>\n\n\n\n<p><\/p>\n\n\n\n<figure class=\"wp-block-image size-large\"><img data-recalc-dims=\"1\" loading=\"lazy\" decoding=\"async\" width=\"1024\" height=\"174\" src=\"https:\/\/i0.wp.com\/cts-chile.cl\/xiiiencuentro\/wp-content\/uploads\/2025\/09\/we_CTS_side.png?resize=1024%2C174&#038;ssl=1\" alt=\"\" class=\"wp-image-1036\" srcset=\"https:\/\/i0.wp.com\/cts-chile.cl\/xiiiencuentro\/wp-content\/uploads\/2025\/09\/we_CTS_side.png?resize=1024%2C174&amp;ssl=1 1024w, https:\/\/i0.wp.com\/cts-chile.cl\/xiiiencuentro\/wp-content\/uploads\/2025\/09\/we_CTS_side.png?resize=300%2C51&amp;ssl=1 300w, https:\/\/i0.wp.com\/cts-chile.cl\/xiiiencuentro\/wp-content\/uploads\/2025\/09\/we_CTS_side.png?resize=768%2C131&amp;ssl=1 768w, https:\/\/i0.wp.com\/cts-chile.cl\/xiiiencuentro\/wp-content\/uploads\/2025\/09\/we_CTS_side.png?resize=1536%2C262&amp;ssl=1 1536w, https:\/\/i0.wp.com\/cts-chile.cl\/xiiiencuentro\/wp-content\/uploads\/2025\/09\/we_CTS_side.png?resize=2048%2C349&amp;ssl=1 2048w, https:\/\/i0.wp.com\/cts-chile.cl\/xiiiencuentro\/wp-content\/uploads\/2025\/09\/we_CTS_side.png?resize=690%2C118&amp;ssl=1 690w, https:\/\/i0.wp.com\/cts-chile.cl\/xiiiencuentro\/wp-content\/uploads\/2025\/09\/we_CTS_side.png?resize=1317%2C224&amp;ssl=1 1317w, https:\/\/i0.wp.com\/cts-chile.cl\/xiiiencuentro\/wp-content\/uploads\/2025\/09\/we_CTS_side.png?resize=800%2C136&amp;ssl=1 800w, https:\/\/i0.wp.com\/cts-chile.cl\/xiiiencuentro\/wp-content\/uploads\/2025\/09\/we_CTS_side.png?resize=1400%2C238&amp;ssl=1 1400w\" sizes=\"auto, (max-width: 1024px) 100vw, 1024px\" \/><\/figure>\n","protected":false},"excerpt":{"rendered":"<p>CTS-Chile&nbsp;Concepci\u00f3n, 1 de Octubre de 2025 Hace m\u00e1s de cinco d\u00e9cadas que el campo de Ciencia, Tecnoloog\u00eda y Sociedad ha sido un espacio de reflexi\u00f3n cr\u00edtica y propositiva en Europa, Estados Unidos y Canad\u00e1. En Chile, desde 2014, la\u202fRed Chilena de Ciencia, Tecnolog\u00eda y Sociedad (CTS-Chile) ha realizado un encuentro anual. Al reunir a acad\u00e9micas\/os,&hellip;<\/p>\n<a class=\"read-more-link\" href=\" https:\/\/cts-chile.cl\/xiiiencuentro\/convocatoria\/ \">Read More<\/a>","protected":false},"author":1,"featured_media":0,"parent":0,"menu_order":0,"comment_status":"closed","ping_status":"closed","template":"","meta":{"footnotes":""},"class_list":["post-292","page","type-page","status-publish","hentry","col-lg-4 col-sm-6"],"jetpack_sharing_enabled":true,"_links":{"self":[{"href":"https:\/\/cts-chile.cl\/xiiiencuentro\/wp-json\/wp\/v2\/pages\/292","targetHints":{"allow":["GET"]}}],"collection":[{"href":"https:\/\/cts-chile.cl\/xiiiencuentro\/wp-json\/wp\/v2\/pages"}],"about":[{"href":"https:\/\/cts-chile.cl\/xiiiencuentro\/wp-json\/wp\/v2\/types\/page"}],"author":[{"embeddable":true,"href":"https:\/\/cts-chile.cl\/xiiiencuentro\/wp-json\/wp\/v2\/users\/1"}],"replies":[{"embeddable":true,"href":"https:\/\/cts-chile.cl\/xiiiencuentro\/wp-json\/wp\/v2\/comments?post=292"}],"version-history":[{"count":7,"href":"https:\/\/cts-chile.cl\/xiiiencuentro\/wp-json\/wp\/v2\/pages\/292\/revisions"}],"predecessor-version":[{"id":1090,"href":"https:\/\/cts-chile.cl\/xiiiencuentro\/wp-json\/wp\/v2\/pages\/292\/revisions\/1090"}],"wp:attachment":[{"href":"https:\/\/cts-chile.cl\/xiiiencuentro\/wp-json\/wp\/v2\/media?parent=292"}],"curies":[{"name":"wp","href":"https:\/\/api.w.org\/{rel}","templated":true}]}}

<div class="wp-block-cover aligncenter wp-duotone-unset-1" style="min-height:738px;aspect-ratio:unset;"><img data-recalc-dims="1" loading="lazy" decoding="async" width="768" height="1024" class="wp-block-cover__image-background wp-image-1088 size-large" alt="" src="https://i0.wp.com/cts-chile.cl/xiiiencuentro/wp-content/uploads/2025/09/WhatsApp-Image-2025-09-29-at-17.51.41_10d1c754.jpg?resize=768%2C1024&#038;ssl=1" style="object-position:50% 0%" data-object-fit="cover" data-object-position="50% 0%" srcset="https://i0.wp.com/cts-chile.cl/xiiiencuentro/wp-content/uploads/2025/09/WhatsApp-Image-2025-09-29-at-17.51.41_10d1c754.jpg?resize=768%2C1024&amp;ssl=1 768w, https://i0.wp.com/cts-chile.cl/xiiiencuentro/wp-content/uploads/2025/09/WhatsApp-Image-2025-09-29-at-17.51.41_10d1c754.jpg?resize=225%2C300&amp;ssl=1 225w, https://i0.wp.com/cts-chile.cl/xiiiencuentro/wp-content/uploads/2025/09/WhatsApp-Image-2025-09-29-at-17.51.41_10d1c754.jpg?resize=690%2C920&amp;ssl=1 690w, https://i0.wp.com/cts-chile.cl/xiiiencuentro/wp-content/uploads/2025/09/WhatsApp-Image-2025-09-29-at-17.51.41_10d1c754.jpg?resize=800%2C1067&amp;ssl=1 800w, https://i0.wp.com/cts-chile.cl/xiiiencuentro/wp-content/uploads/2025/09/WhatsApp-Image-2025-09-29-at-17.51.41_10d1c754.jpg?w=960&amp;ssl=1 960w" sizes="auto, (max-width: 768px) 100vw, 768px" /><span aria-hidden="true" class="wp-block-cover__background has-background-dim-10 has-background-dim" style="background-color:#4a7fce"></span><div class="wp-block-cover__inner-container is-layout-flow wp-block-cover-is-layout-flow">
<p class="has-text-align-center has-large-font-size"></p>
</div></div>



<p class="has-text-color has-larger-font-size" style="color:#07adef"><strong>CTS-Chile&nbsp;Concepción, 1 de Octubre de 2025</strong></p>



<p class="has-text-align-right has-black-color has-text-color has-link-color wp-elements-d12389115e62fd11c9ad0da38fbb63b2">Hace más de cinco décadas que el campo de Ciencia, Tecnoloogía y Sociedad ha sido un espacio de reflexión crítica y propositiva en Europa, Estados Unidos y Canadá. En Chile, desde 2014, la <a href="https://www.cts-chile.cl/" target="_blank" rel="noreferrer noopener">Red Chilena de Ciencia, Tecnología y Sociedad (CTS-Chile)</a> ha realizado un encuentro anual. Al reunir a académicas/os, estudiantes, investigadoras/es emergentes, activistas y tomadores de decisión, el Encuentro CTS-Chile actúa como plataforma de confluencia entre ciencia, ciudadanía y política, promoviendo redes de colaboración y articulación intersectorial.&nbsp;</p>



<p class="has-text-align-right has-text-color has-link-color wp-elements-972d30acc0170a49b55c2dbcd4cd7c3a" style="color:#07adef">Como campo interdisciplinar, los encuentros anuales de CTS-Chile son espacios en los cuales distintas disciplinas puedan dialogar, y en especial se busca generar marcos analíticos que integren conocimiento de las ciencias naturales y las ciencias sociales. Dada que las problemáticas complejas del siglo XXI —como el cambio climático, la pérdida de biodiversidad, las desigualdades territoriales o la automatización—no pueden ser abordadas eficazmente desde un enfoque mono-disciplinar, los Encuentros CTS aportan con un espacio científico que integran conocimientos, alientan el trabajo colaborativo entre disciplinas y sectores, y fortalece capacidades para la interdisciplina. <strong>Es un espacio intelectualmente creativo que construye la interdisciplina desde y para las distintas áreas disciplinarias como son antropología, ciencia política, geografía, educación, sociología, filosofía como también la biología y ciencias ambientales</strong>.&nbsp;&nbsp;</p>



<p class="has-text-align-right">En su 13° versión, este encuentro se realizará entre los días <strong>14, 15 y 16 enero de 2026</strong>  en la  <strong>Universidad de Concepción.</strong> &nbsp;</p>



<p></p>



<figure class="wp-block-image size-large"><img data-recalc-dims="1" loading="lazy" decoding="async" width="1024" height="174" src="https://i0.wp.com/cts-chile.cl/xiiiencuentro/wp-content/uploads/2025/09/we_CTS_side.png?resize=1024%2C174&#038;ssl=1" alt="" class="wp-image-1036" srcset="https://i0.wp.com/cts-chile.cl/xiiiencuentro/wp-content/uploads/2025/09/we_CTS_side.png?resize=1024%2C174&amp;ssl=1 1024w, https://i0.wp.com/cts-chile.cl/xiiiencuentro/wp-content/uploads/2025/09/we_CTS_side.png?resize=300%2C51&amp;ssl=1 300w, https://i0.wp.com/cts-chile.cl/xiiiencuentro/wp-content/uploads/2025/09/we_CTS_side.png?resize=768%2C131&amp;ssl=1 768w, https://i0.wp.com/cts-chile.cl/xiiiencuentro/wp-content/uploads/2025/09/we_CTS_side.png?resize=1536%2C262&amp;ssl=1 1536w, https://i0.wp.com/cts-chile.cl/xiiiencuentro/wp-content/uploads/2025/09/we_CTS_side.png?resize=2048%2C349&amp;ssl=1 2048w, https://i0.wp.com/cts-chile.cl/xiiiencuentro/wp-content/uploads/2025/09/we_CTS_side.png?resize=690%2C118&amp;ssl=1 690w, https://i0.wp.com/cts-chile.cl/xiiiencuentro/wp-content/uploads/2025/09/we_CTS_side.png?resize=1317%2C224&amp;ssl=1 1317w, https://i0.wp.com/cts-chile.cl/xiiiencuentro/wp-content/uploads/2025/09/we_CTS_side.png?resize=800%2C136&amp;ssl=1 800w, https://i0.wp.com/cts-chile.cl/xiiiencuentro/wp-content/uploads/2025/09/we_CTS_side.png?resize=1400%2C238&amp;ssl=1 1400w" sizes="auto, (max-width: 1024px) 100vw, 1024px" /></figure>

<p>CTS-Chile&nbsp;Concepción, 1 de Octubre de 2025 Hace más de cinco décadas que el campo de Ciencia, Tecnoloogía y Sociedad ha sido un espacio de reflexión crítica y propositiva en Europa, Estados Unidos y Canadá. En Chile, desde 2014, la Red Chilena de Ciencia, Tecnología y Sociedad (CTS-Chile) ha realizado un encuentro anual. Al reunir a académicas/os,&hellip;</p>
<a class="read-more-link" href=" https://cts-chile.cl/xiiiencuentro/convocatoria/ ">Read More</a>
