{"id":287,"date":"2021-10-23T22:32:09","date_gmt":"2021-10-23T22:32:09","guid":{"rendered":"https:\/\/cts-chile.cl\/xiiiencuentro\/?page_id=287"},"modified":"2025-11-03T18:00:40","modified_gmt":"2025-11-03T18:00:40","slug":"participa","status":"publish","type":"page","link":"https:\/\/cts-chile.cl\/xiiiencuentro\/participa\/","title":{"rendered":"Participa"},"content":{"rendered":"\n<p>La Red de Estudios de Ciencia Tecnolog\u00eda y Sociedad (CTS-Chile) pone a disposici\u00f3n diversas formas de participar y fechas para el env\u00edo de propuestas que van en sinton\u00eda con el espir\u00edtu de la red. Puedes encontrar toda la informaci\u00f3n a continuaci\u00f3n y en  nuestras redes sociales.<\/p>\n\n\n\n<!--more-->\n\n\n\n<figure class=\"wp-block-image size-large\"><img data-recalc-dims=\"1\" loading=\"lazy\" decoding=\"async\" width=\"1024\" height=\"704\" src=\"https:\/\/i0.wp.com\/cts-chile.cl\/xiiiencuentro\/wp-content\/uploads\/2025\/09\/53792749393_0d37eb9821_k.jpg?resize=1024%2C704&#038;ssl=1\" alt=\"\" class=\"wp-image-1033\" srcset=\"https:\/\/i0.wp.com\/cts-chile.cl\/xiiiencuentro\/wp-content\/uploads\/2025\/09\/53792749393_0d37eb9821_k.jpg?resize=1024%2C704&amp;ssl=1 1024w, https:\/\/i0.wp.com\/cts-chile.cl\/xiiiencuentro\/wp-content\/uploads\/2025\/09\/53792749393_0d37eb9821_k.jpg?resize=300%2C206&amp;ssl=1 300w, https:\/\/i0.wp.com\/cts-chile.cl\/xiiiencuentro\/wp-content\/uploads\/2025\/09\/53792749393_0d37eb9821_k.jpg?resize=768%2C528&amp;ssl=1 768w, https:\/\/i0.wp.com\/cts-chile.cl\/xiiiencuentro\/wp-content\/uploads\/2025\/09\/53792749393_0d37eb9821_k.jpg?resize=1536%2C1055&amp;ssl=1 1536w, https:\/\/i0.wp.com\/cts-chile.cl\/xiiiencuentro\/wp-content\/uploads\/2025\/09\/53792749393_0d37eb9821_k.jpg?resize=690%2C474&amp;ssl=1 690w, https:\/\/i0.wp.com\/cts-chile.cl\/xiiiencuentro\/wp-content\/uploads\/2025\/09\/53792749393_0d37eb9821_k.jpg?resize=1317%2C905&amp;ssl=1 1317w, https:\/\/i0.wp.com\/cts-chile.cl\/xiiiencuentro\/wp-content\/uploads\/2025\/09\/53792749393_0d37eb9821_k.jpg?resize=800%2C550&amp;ssl=1 800w, https:\/\/i0.wp.com\/cts-chile.cl\/xiiiencuentro\/wp-content\/uploads\/2025\/09\/53792749393_0d37eb9821_k.jpg?resize=1400%2C962&amp;ssl=1 1400w, https:\/\/i0.wp.com\/cts-chile.cl\/xiiiencuentro\/wp-content\/uploads\/2025\/09\/53792749393_0d37eb9821_k.jpg?w=2048&amp;ssl=1 2048w\" sizes=\"auto, (max-width: 1024px) 100vw, 1024px\" \/><\/figure>\n\n\n\n<p class=\"has-larger-font-size\"><strong>PONENCIA<\/strong><\/p>\n\n\n\n<p>Presentaci\u00f3n oral en la que uno\/a o m\u00e1s investigadores\/as exponen los resultados, reflexiones y\/o avances de un tema de investigaci\u00f3n ante el p\u00fablico asistente al encuentro. La ponencia tendr\u00e1 una duraci\u00f3n de 15 minutos y se agrupar\u00e1 con otras ponencias de temas similares para luego ser llevado a un proceso de di\u00e1logo y preguntas entre asistentes.<\/p>\n\n\n\n<p>La recepci\u00f3n de ponencias<strong> <\/strong>se <strong>mantendr\u00e1 hasta el 5 de noviembre de 2025<\/strong>. Se recomienda que las ponencias se alineen a las tem\u00e1ticas propuestas durante la convocatoria.<\/p>\n\n\n\n<p class=\"has-large-font-size\"><a href=\"https:\/\/cts-chile.cl\/xiiiencuentro\/lineas-tematicas\/\" data-type=\"link\" data-id=\"https:\/\/cts-chile.cl\/xiiiencuentro\/lineas-tematicas\/\">Las l\u00edneas tem\u00e1ticas propuestas para el IX Encuentro CTS-Chile son las siguientes<\/a><\/p>\n\n\n\n<ol start=\"1\" class=\"wp-block-list\">\n<li class=\"has-text-color has-link-color has-large-font-size wp-elements-02d001bac4dc46b9424dad2a4019cf9e\" style=\"color:#0253d2\"><strong>Universidad y disputas epistemol\u00f3gicas<\/strong><\/li>\n\n\n\n<li class=\"has-text-color has-link-color has-large-font-size wp-elements-e358bbec7f8cbaa1f64316dab4f332c9\" style=\"color:#ea1548\"><strong>Arqueolog\u00eda de lo medios, historia y memoria presente en la era digital<\/strong><\/li>\n\n\n\n<li class=\"has-text-color has-link-color has-large-font-size wp-elements-bf7aa106492e38556c12567e34a61b58\" style=\"color:#ffca07\"><strong>Ciudadan\u00eda cient\u00edfica y ciencia ciudadana<\/strong><\/li>\n\n\n\n<li class=\"has-text-color has-link-color has-large-font-size wp-elements-c7dc14e671cc008136ddbed7aa07487b\" style=\"color:#7d1ca5\"><strong>G\u00e9neros, territorios y cuerpos<\/strong><\/li>\n\n\n\n<li class=\"has-text-color has-link-color has-large-font-size wp-elements-f305afa50017141c1c32e8d7fe4acafb\" style=\"color:#00986a\"><strong>Antropoceno, resilencia y acci\u00f3n socioambiental<\/strong><\/li>\n\n\n\n<li class=\"has-text-color has-link-color has-large-font-size wp-elements-c0609eede1dbd5cad2456b2235624e08\" style=\"color:#ff8e06\"><strong>Poder, democracia y pol\u00edtica cient\u00edfica<\/strong><\/li>\n\n\n\n<li class=\"has-text-color has-link-color has-large-font-size wp-elements-50351239ec6681a4e1c2df3d0fa45844\" style=\"color:#c16629\"><strong><mark style=\"background-color:rgba(0, 0, 0, 0);color:#1e1e1e\" class=\"has-inline-color\">Filosof\u00eda, historia y futuro de la ciencia<\/mark><\/strong><\/li>\n\n\n\n<li class=\"has-text-color has-link-color has-large-font-size wp-elements-e985b18808e9cc92f201b47c7210056d\" style=\"color:#07adef\"><strong>IA y tecnolog\u00edas emergentes: escenarios presentes y futuros<\/strong><\/li>\n<\/ol>\n\n\n\n<p class=\"has-text-align-center\"><a href=\"https:\/\/cts-chile.cl\/xiiiencuentro\/postula\/\" data-type=\"page\" data-id=\"417\"><mark style=\"background-color:#abb8c3\" class=\"has-inline-color has-black-color\"><strong>Postula aqu\u00ed<\/strong><\/mark><\/a><\/p>\n\n\n\n<hr class=\"wp-block-separator aligncenter has-css-opacity\"\/>\n\n\n\n<p class=\"has-larger-font-size\"><strong>MESA TEM\u00c1TICA<\/strong><\/p>\n\n\n\n<p class=\"has-regular-font-size\">Instancia estructurada en torno a un tema espec\u00edfico y compuesta por un grupo de 3 a 4 investigadores\/as de \u00e1reas distintas, bajo la coordinaci\u00f3n de un(a) moderador(a). Cada mesa redonda tendr\u00e1 una duraci\u00f3n de 1 hora y 15 minutos, durante la cual los\/las investigadores\/as tendr\u00e1n la oportunidad de presentar y entrelazar sus trabajos ante el p\u00fablico, abordando el tema desde perspectivas que inviten al debate y la reflexi\u00f3n en torno a las tem\u00e1ticas de la red.<\/p>\n\n\n\n<p class=\"has-regular-font-size\">Mesas tem\u00e1ticas que se han efectuado en encuentros anteriores, a modo  de ejemplo.<\/p>\n\n\n\n<p class=\"has-large-font-size\"><strong>Sedimentos, flujos y fugas de los Estudios Sociales de la Salud. <\/strong><\/p>\n\n\n\n<p class=\"has-regular-font-size\">Jorge Castillo Sep\u00falveda (USACH), Marcela Apablaza (UACh), Jimena Carrasco (UACh), Arthur Leal Ferreira (UFRJ), Diego Gilabert (UCH), Sebasti\u00e1n Rojas Navarro (UNAB), Nicol\u00e1s Sch\u00f6ngut (UOH), Nairbis Sibrian y Fernando Valenzuela (UNAB) &#8212; La Serena, 2023.<\/p>\n\n\n\n<p class=\"has-large-font-size\"><strong>Humanidades digitales y Patrimonio desde la mirada docente: desaf\u00edos de investigaci\u00f3n y formaci\u00f3n en la educaci\u00f3n superior desde la ling\u00fc\u00edstica y la literatura.<\/strong><\/p>\n\n\n\n<p class=\"has-regular-font-size\">M\u00f3nica Tabilo Berr\u00edos (PUC), Fredy N\u00fa\u00f1ez (PUC), Gloria Toledo (PUC) y Luciana Pissolato (PUC) &#8212;  La Serena, 2023.<\/p>\n\n\n\n<p class=\"has-large-font-size\"><strong>Tecnolog\u00eda, memoria y derechos humanos: perspectivas CTS para el an\u00e1lisis y la acci\u00f3n interdisciplinar<\/strong><\/p>\n\n\n\n<p class=\"has-regular-font-size\">Oriana Bernasconi Ram\u00edrez (UAH), Rafael Artemtchava Chavauty (UTFM), Michelle Quaas Hern\u00e1ndez (PUCV), Jorge Maldonado Soto (UAH), Yesenia Alegr\u00eda (Sindicato Afrodita de Valpara\u00edso) &#8212; Valpara\u00edso, 2024.<\/p>\n\n\n\n<p><a href=\"https:\/\/cts-chile.cl\/xiiiencuentro\/lineas-tematicas\/\" data-type=\"page\" data-id=\"417\">Postula aqu\u00ed<\/a><\/p>\n\n\n\n<hr class=\"wp-block-separator has-alpha-channel-opacity\"\/>\n\n\n\n<p class=\"has-larger-font-size\"><strong>Convocatorias art\u00edsticas y comunitarias: Proyecto Making &amp; Doing y\/o co-creaci\u00f3n<\/strong><\/p>\n\n\n\n<p>El formato Making &amp; Doing \/ experiencia de co-creaci\u00f3n invita al desarrollo de trabajos que posicionan la el trabajo colaborativo y la experimentaci\u00f3n <em>in situ<\/em> como formas principales de la investigaci\u00f3n. Estas experiencias buscan abrir un di\u00e1logo desde y para los saberes locales, reconociendo la diversidad de pr\u00e1cticas que conforman la comunidad CTS en Chile y el mundo.<\/p>\n\n\n\n<p>Las propuestas seleccionadas tendr\u00e1n la oportunidad de desarrollar un trabajo dentro de un espacio f\u00edsico destinado especialmente para su realizaci\u00f3n con acceso a electricidad y preparado para recibir a grupos heterog\u00e9neos peque\u00f1os (10 a 15 personas). Durante un bloque exclusivo del programa, los\/las ponentes podr\u00e1n realizar demostraciones en vivo, instalaciones interactivas o exhibiciones que permitan al p\u00fablico experimentar directamente con el trabajo.<\/p>\n\n\n\n<p>Se espera que estas intervenciones pueden incorporar lo visual, sonoro, t\u00e1ctil, qu\u00edmico o espacial \u2014como fotograf\u00edas, videos, objetos, aromas, movimientos o materiales\u2014 y que a su vez contemplen una breve introducci\u00f3n que refiera a la pertinencia a los estudios CTS, seguido de un momento de desarrollo (aut\u00f3nomo o guiado) para terminar con un cierre.<\/p>\n\n\n\n<p>El objetivo es dar lugar a la creatividad, el encuentro y la reflexi\u00f3n colectiva, propiciando un espacio donde la pr\u00e1ctica y el pensamiento se entrelazan con especial \u00e9nfasis al trabajo fuera de los espacios de academia. Los proyectos no estar\u00e1n sujetos a revisi\u00f3n por parte de un comit\u00e9 cient\u00edfico sino que ser\u00e1 el comit\u00e9 organizador el que los seleccionar\u00e1 privilegiando la pertinencia territorial, el \u00e9nfasis en la co-construcci\u00f3n <em>in situ<\/em> y la novedad. \u00a1No te quedes fuera de contarnos acerca de tu idea!<\/p>\n\n\n\n<p class=\"has-text-align-center\"><strong><a href=\"https:\/\/cts-chile.cl\/xiiiencuentro\/postula\/\" data-type=\"link\" data-id=\"https:\/\/cts-chile.cl\/xiiiencuentro\/postula\/\">Postula aqu\u00ed <\/a><\/strong><\/p>\n\n\n\n<p><\/p>\n","protected":false},"excerpt":{"rendered":"<p>La Red de Estudios de Ciencia Tecnolog\u00eda y Sociedad (CTS-Chile) pone a disposici\u00f3n diversas formas de participar y fechas para el env\u00edo de propuestas que van en sinton\u00eda con el espir\u00edtu de la red. Puedes encontrar toda la informaci\u00f3n a continuaci\u00f3n y en nuestras redes sociales.<\/p>\n<a class=\"read-more-link\" href=\" https:\/\/cts-chile.cl\/xiiiencuentro\/participa\/ \">Read More<\/a>","protected":false},"author":1,"featured_media":0,"parent":0,"menu_order":0,"comment_status":"closed","ping_status":"closed","template":"","meta":{"footnotes":""},"class_list":["post-287","page","type-page","status-publish","hentry","col-lg-4 col-sm-6"],"jetpack_sharing_enabled":true,"_links":{"self":[{"href":"https:\/\/cts-chile.cl\/xiiiencuentro\/wp-json\/wp\/v2\/pages\/287","targetHints":{"allow":["GET"]}}],"collection":[{"href":"https:\/\/cts-chile.cl\/xiiiencuentro\/wp-json\/wp\/v2\/pages"}],"about":[{"href":"https:\/\/cts-chile.cl\/xiiiencuentro\/wp-json\/wp\/v2\/types\/page"}],"author":[{"embeddable":true,"href":"https:\/\/cts-chile.cl\/xiiiencuentro\/wp-json\/wp\/v2\/users\/1"}],"replies":[{"embeddable":true,"href":"https:\/\/cts-chile.cl\/xiiiencuentro\/wp-json\/wp\/v2\/comments?post=287"}],"version-history":[{"count":18,"href":"https:\/\/cts-chile.cl\/xiiiencuentro\/wp-json\/wp\/v2\/pages\/287\/revisions"}],"predecessor-version":[{"id":1139,"href":"https:\/\/cts-chile.cl\/xiiiencuentro\/wp-json\/wp\/v2\/pages\/287\/revisions\/1139"}],"wp:attachment":[{"href":"https:\/\/cts-chile.cl\/xiiiencuentro\/wp-json\/wp\/v2\/media?parent=287"}],"curies":[{"name":"wp","href":"https:\/\/api.w.org\/{rel}","templated":true}]}}

<p>La Red de Estudios de Ciencia Tecnología y Sociedad (CTS-Chile) pone a disposición diversas formas de participar y fechas para el envío de propuestas que van en sintonía con el espirítu de la red. Puedes encontrar toda la información a continuación y en  nuestras redes sociales.</p>



<!--more-->



<figure class="wp-block-image size-large"><img data-recalc-dims="1" loading="lazy" decoding="async" width="1024" height="704" src="https://i0.wp.com/cts-chile.cl/xiiiencuentro/wp-content/uploads/2025/09/53792749393_0d37eb9821_k.jpg?resize=1024%2C704&#038;ssl=1" alt="" class="wp-image-1033" srcset="https://i0.wp.com/cts-chile.cl/xiiiencuentro/wp-content/uploads/2025/09/53792749393_0d37eb9821_k.jpg?resize=1024%2C704&amp;ssl=1 1024w, https://i0.wp.com/cts-chile.cl/xiiiencuentro/wp-content/uploads/2025/09/53792749393_0d37eb9821_k.jpg?resize=300%2C206&amp;ssl=1 300w, https://i0.wp.com/cts-chile.cl/xiiiencuentro/wp-content/uploads/2025/09/53792749393_0d37eb9821_k.jpg?resize=768%2C528&amp;ssl=1 768w, https://i0.wp.com/cts-chile.cl/xiiiencuentro/wp-content/uploads/2025/09/53792749393_0d37eb9821_k.jpg?resize=1536%2C1055&amp;ssl=1 1536w, https://i0.wp.com/cts-chile.cl/xiiiencuentro/wp-content/uploads/2025/09/53792749393_0d37eb9821_k.jpg?resize=690%2C474&amp;ssl=1 690w, https://i0.wp.com/cts-chile.cl/xiiiencuentro/wp-content/uploads/2025/09/53792749393_0d37eb9821_k.jpg?resize=1317%2C905&amp;ssl=1 1317w, https://i0.wp.com/cts-chile.cl/xiiiencuentro/wp-content/uploads/2025/09/53792749393_0d37eb9821_k.jpg?resize=800%2C550&amp;ssl=1 800w, https://i0.wp.com/cts-chile.cl/xiiiencuentro/wp-content/uploads/2025/09/53792749393_0d37eb9821_k.jpg?resize=1400%2C962&amp;ssl=1 1400w, https://i0.wp.com/cts-chile.cl/xiiiencuentro/wp-content/uploads/2025/09/53792749393_0d37eb9821_k.jpg?w=2048&amp;ssl=1 2048w" sizes="auto, (max-width: 1024px) 100vw, 1024px" /></figure>



<p class="has-larger-font-size"><strong>PONENCIA</strong></p>



<p>Presentación oral en la que uno/a o más investigadores/as exponen los resultados, reflexiones y/o avances de un tema de investigación ante el público asistente al encuentro. La ponencia tendrá una duración de 15 minutos y se agrupará con otras ponencias de temas similares para luego ser llevado a un proceso de diálogo y preguntas entre asistentes.</p>



<p>La recepción de ponencias<strong> </strong>se <strong>mantendrá hasta el 5 de noviembre de 2025</strong>. Se recomienda que las ponencias se alineen a las temáticas propuestas durante la convocatoria.</p>



<p class="has-large-font-size"><a href="https://cts-chile.cl/xiiiencuentro/lineas-tematicas/" data-type="link" data-id="https://cts-chile.cl/xiiiencuentro/lineas-tematicas/">Las líneas temáticas propuestas para el IX Encuentro CTS-Chile son las siguientes</a></p>



<ol start="1" class="wp-block-list">
<li class="has-text-color has-link-color has-large-font-size wp-elements-02d001bac4dc46b9424dad2a4019cf9e" style="color:#0253d2"><strong>Universidad y disputas epistemológicas</strong></li>



<li class="has-text-color has-link-color has-large-font-size wp-elements-e358bbec7f8cbaa1f64316dab4f332c9" style="color:#ea1548"><strong>Arqueología de lo medios, historia y memoria presente en la era digital</strong></li>



<li class="has-text-color has-link-color has-large-font-size wp-elements-bf7aa106492e38556c12567e34a61b58" style="color:#ffca07"><strong>Ciudadanía científica y ciencia ciudadana</strong></li>



<li class="has-text-color has-link-color has-large-font-size wp-elements-c7dc14e671cc008136ddbed7aa07487b" style="color:#7d1ca5"><strong>Géneros, territorios y cuerpos</strong></li>



<li class="has-text-color has-link-color has-large-font-size wp-elements-f305afa50017141c1c32e8d7fe4acafb" style="color:#00986a"><strong>Antropoceno, resilencia y acción socioambiental</strong></li>



<li class="has-text-color has-link-color has-large-font-size wp-elements-c0609eede1dbd5cad2456b2235624e08" style="color:#ff8e06"><strong>Poder, democracia y política científica</strong></li>



<li class="has-text-color has-link-color has-large-font-size wp-elements-50351239ec6681a4e1c2df3d0fa45844" style="color:#c16629"><strong><mark style="background-color:rgba(0, 0, 0, 0);color:#1e1e1e" class="has-inline-color">Filosofía, historia y futuro de la ciencia</mark></strong></li>



<li class="has-text-color has-link-color has-large-font-size wp-elements-e985b18808e9cc92f201b47c7210056d" style="color:#07adef"><strong>IA y tecnologías emergentes: escenarios presentes y futuros</strong></li>
</ol>



<p class="has-text-align-center"><a href="https://cts-chile.cl/xiiiencuentro/postula/" data-type="page" data-id="417"><mark style="background-color:#abb8c3" class="has-inline-color has-black-color"><strong>Postula aquí</strong></mark></a></p>



<hr class="wp-block-separator aligncenter has-css-opacity"/>



<p class="has-larger-font-size"><strong>MESA TEMÁTICA</strong></p>



<p class="has-regular-font-size">Instancia estructurada en torno a un tema específico y compuesta por un grupo de 3 a 4 investigadores/as de áreas distintas, bajo la coordinación de un(a) moderador(a). Cada mesa redonda tendrá una duración de 1 hora y 15 minutos, durante la cual los/las investigadores/as tendrán la oportunidad de presentar y entrelazar sus trabajos ante el público, abordando el tema desde perspectivas que inviten al debate y la reflexión en torno a las temáticas de la red.</p>



<p class="has-regular-font-size">Mesas temáticas que se han efectuado en encuentros anteriores, a modo  de ejemplo.</p>



<p class="has-large-font-size"><strong>Sedimentos, flujos y fugas de los Estudios Sociales de la Salud. </strong></p>



<p class="has-regular-font-size">Jorge Castillo Sepúlveda (USACH), Marcela Apablaza (UACh), Jimena Carrasco (UACh), Arthur Leal Ferreira (UFRJ), Diego Gilabert (UCH), Sebastián Rojas Navarro (UNAB), Nicolás Schöngut (UOH), Nairbis Sibrian y Fernando Valenzuela (UNAB) &#8212; La Serena, 2023.</p>



<p class="has-large-font-size"><strong>Humanidades digitales y Patrimonio desde la mirada docente: desafíos de investigación y formación en la educación superior desde la lingüística y la literatura.</strong></p>



<p class="has-regular-font-size">Mónica Tabilo Berríos (PUC), Fredy Núñez (PUC), Gloria Toledo (PUC) y Luciana Pissolato (PUC) &#8212;  La Serena, 2023.</p>



<p class="has-large-font-size"><strong>Tecnología, memoria y derechos humanos: perspectivas CTS para el análisis y la acción interdisciplinar</strong></p>



<p class="has-regular-font-size">Oriana Bernasconi Ramírez (UAH), Rafael Artemtchava Chavauty (UTFM), Michelle Quaas Hernández (PUCV), Jorge Maldonado Soto (UAH), Yesenia Alegría (Sindicato Afrodita de Valparaíso) &#8212; Valparaíso, 2024.</p>



<p><a href="https://cts-chile.cl/xiiiencuentro/lineas-tematicas/" data-type="page" data-id="417">Postula aquí</a></p>



<hr class="wp-block-separator has-alpha-channel-opacity"/>



<p class="has-larger-font-size"><strong>Convocatorias artísticas y comunitarias: Proyecto Making &amp; Doing y/o co-creación</strong></p>



<p>El formato Making &amp; Doing / experiencia de co-creación invita al desarrollo de trabajos que posicionan la el trabajo colaborativo y la experimentación <em>in situ</em> como formas principales de la investigación. Estas experiencias buscan abrir un diálogo desde y para los saberes locales, reconociendo la diversidad de prácticas que conforman la comunidad CTS en Chile y el mundo.</p>



<p>Las propuestas seleccionadas tendrán la oportunidad de desarrollar un trabajo dentro de un espacio físico destinado especialmente para su realización con acceso a electricidad y preparado para recibir a grupos heterogéneos pequeños (10 a 15 personas). Durante un bloque exclusivo del programa, los/las ponentes podrán realizar demostraciones en vivo, instalaciones interactivas o exhibiciones que permitan al público experimentar directamente con el trabajo.</p>



<p>Se espera que estas intervenciones pueden incorporar lo visual, sonoro, táctil, químico o espacial —como fotografías, videos, objetos, aromas, movimientos o materiales— y que a su vez contemplen una breve introducción que refiera a la pertinencia a los estudios CTS, seguido de un momento de desarrollo (autónomo o guiado) para terminar con un cierre.</p>



<p>El objetivo es dar lugar a la creatividad, el encuentro y la reflexión colectiva, propiciando un espacio donde la práctica y el pensamiento se entrelazan con especial énfasis al trabajo fuera de los espacios de academia. Los proyectos no estarán sujetos a revisión por parte de un comité científico sino que será el comité organizador el que los seleccionará privilegiando la pertinencia territorial, el énfasis en la co-construcción <em>in situ</em> y la novedad. ¡No te quedes fuera de contarnos acerca de tu idea!</p>



<p class="has-text-align-center"><strong><a href="https://cts-chile.cl/xiiiencuentro/postula/" data-type="link" data-id="https://cts-chile.cl/xiiiencuentro/postula/">Postula aquí </a></strong></p>



<p></p>

<p>La Red de Estudios de Ciencia Tecnología y Sociedad (CTS-Chile) pone a disposición diversas formas de participar y fechas para el envío de propuestas que van en sintonía con el espirítu de la red. Puedes encontrar toda la información a continuación y en nuestras redes sociales.</p>
<a class="read-more-link" href=" https://cts-chile.cl/xiiiencuentro/participa/ ">Read More</a>
