{"id":1149,"date":"2025-12-17T05:39:02","date_gmt":"2025-12-17T05:39:02","guid":{"rendered":"https:\/\/cts-chile.cl\/xiiiencuentro\/?page_id=1149"},"modified":"2026-01-14T15:23:54","modified_gmt":"2026-01-14T15:23:54","slug":"programa-oficial","status":"publish","type":"page","link":"https:\/\/cts-chile.cl\/xiiiencuentro\/programa-oficial\/","title":{"rendered":"Programa oficial Encuentro Red CTS 2026"},"content":{"rendered":"\n<h4 class=\"wp-block-heading has-text-align-left\">El siguiente programa corresponde a las ponencias aceptadas organizadas en mesas; cada una con una persona moderadora designada por el Comit\u00e9 Organizador del XIII Encuentro CTS. Se incluyen mesas tem\u00e1ticas e instancias MyD (que requieren inscripci\u00f3n y se recomienda hacer inscripci\u00f3n considerando un m\u00e1x. 2 por persona)<\/h4>\n\n\n\n<p>Como recordatorio: las presentaciones se realizar\u00e1n en modalidad oral, con apoyo audiovisual, y contar\u00e1n con un tiempo m\u00e1ximo de 15 minutos por expositor o expositora. La coordinaci\u00f3n para el env\u00edo del material audiovisual debe realizarse a trav\u00e9s del moderador.<\/p>\n\n\n\n<p>Al finalizar las ponencias de cada mesa, se abrir\u00e1 un espacio de preguntas y di\u00e1logo con el p\u00fablico de 30 minutos, orientado a promover una conversaci\u00f3n participativa entre quienes exponen y las personas asistentes.<\/p>\n\n\n\n<p class=\"has-text-align-center\">Se recomienda descargar el archivo para facilitar su lectura.<\/p>\n\n\n\n<div data-wp-interactive=\"core\/file\" class=\"wp-block-file aligncenter\"><object data-wp-bind--hidden=\"!state.hasPdfPreview\" hidden class=\"wp-block-file__embed\" data=\"https:\/\/cts-chile.cl\/xiiiencuentro\/wp-content\/uploads\/2026\/01\/Programa-Oficial-CTS-Conce-1301.pdf\" type=\"application\/pdf\" style=\"width:100%;height:920px\" aria-label=\"Incrustado de Programa Oficial CTS Conce 1301.\"><\/object><a id=\"wp-block-file--media-0ba46816-4e94-4cb4-a83d-e2bf79bfa90a\" href=\"https:\/\/cts-chile.cl\/xiiiencuentro\/wp-content\/uploads\/2026\/01\/Programa-Oficial-CTS-Conce-1301.pdf\">Programa Oficial CTS Conce 1301<\/a><a href=\"https:\/\/cts-chile.cl\/xiiiencuentro\/wp-content\/uploads\/2026\/01\/Programa-Oficial-CTS-Conce-1301.pdf\" class=\"wp-block-file__button wp-element-button\" download aria-describedby=\"wp-block-file--media-0ba46816-4e94-4cb4-a83d-e2bf79bfa90a\">Descarga<\/a><\/div>\n","protected":false},"excerpt":{"rendered":"<p>El siguiente programa corresponde a las ponencias aceptadas organizadas en mesas; cada una con una persona moderadora designada por el Comit\u00e9 Organizador del XIII Encuentro CTS. Se incluyen mesas tem\u00e1ticas e instancias MyD (que requieren inscripci\u00f3n y se recomienda hacer inscripci\u00f3n considerando un m\u00e1x. 2 por persona) Como recordatorio: las presentaciones se realizar\u00e1n en modalidad&hellip;<\/p>\n<a class=\"read-more-link\" href=\" https:\/\/cts-chile.cl\/xiiiencuentro\/programa-oficial\/ \">Read More<\/a>","protected":false},"author":2,"featured_media":0,"parent":0,"menu_order":0,"comment_status":"closed","ping_status":"closed","template":"","meta":{"footnotes":""},"class_list":["post-1149","page","type-page","status-publish","hentry","col-lg-4 col-sm-6"],"jetpack_sharing_enabled":true,"_links":{"self":[{"href":"https:\/\/cts-chile.cl\/xiiiencuentro\/wp-json\/wp\/v2\/pages\/1149","targetHints":{"allow":["GET"]}}],"collection":[{"href":"https:\/\/cts-chile.cl\/xiiiencuentro\/wp-json\/wp\/v2\/pages"}],"about":[{"href":"https:\/\/cts-chile.cl\/xiiiencuentro\/wp-json\/wp\/v2\/types\/page"}],"author":[{"embeddable":true,"href":"https:\/\/cts-chile.cl\/xiiiencuentro\/wp-json\/wp\/v2\/users\/2"}],"replies":[{"embeddable":true,"href":"https:\/\/cts-chile.cl\/xiiiencuentro\/wp-json\/wp\/v2\/comments?post=1149"}],"version-history":[{"count":16,"href":"https:\/\/cts-chile.cl\/xiiiencuentro\/wp-json\/wp\/v2\/pages\/1149\/revisions"}],"predecessor-version":[{"id":1212,"href":"https:\/\/cts-chile.cl\/xiiiencuentro\/wp-json\/wp\/v2\/pages\/1149\/revisions\/1212"}],"wp:attachment":[{"href":"https:\/\/cts-chile.cl\/xiiiencuentro\/wp-json\/wp\/v2\/media?parent=1149"}],"curies":[{"name":"wp","href":"https:\/\/api.w.org\/{rel}","templated":true}]}}