{"id":1434,"date":"2023-12-15T20:50:00","date_gmt":"2023-12-16T00:50:00","guid":{"rendered":"https:\/\/cts-chile.cl\/xiencuentro\/?page_id=1434"},"modified":"2023-12-16T02:38:46","modified_gmt":"2023-12-16T06:38:46","slug":"speakers-y-conferencias-de-nuestro-xi-encuentro","status":"publish","type":"page","link":"https:\/\/cts-chile.cl\/xiencuentro\/speakers-y-conferencias-de-nuestro-xi-encuentro\/","title":{"rendered":"Speakers y Conferencias de nuestro XI Encuentro"},"content":{"rendered":"\n<div class=\"wp-block-media-text alignwide is-stacked-on-mobile is-vertically-aligned-center\" style=\"grid-template-columns:31% auto\"><figure class=\"wp-block-media-text__media\"><img loading=\"lazy\" decoding=\"async\" width=\"772\" height=\"1024\" src=\"https:\/\/i0.wp.com\/cts-chile.cl\/xiencuentro\/wp-content\/uploads\/2023\/12\/Cecilia_Ibarra_4.jpg?resize=772%2C1024&#038;ssl=1\" alt=\"\" class=\"wp-image-1516 size-full\" srcset=\"https:\/\/i0.wp.com\/cts-chile.cl\/xiencuentro\/wp-content\/uploads\/2023\/12\/Cecilia_Ibarra_4.jpg?resize=772%2C1024&amp;ssl=1 772w, https:\/\/i0.wp.com\/cts-chile.cl\/xiencuentro\/wp-content\/uploads\/2023\/12\/Cecilia_Ibarra_4.jpg?resize=226%2C300&amp;ssl=1 226w, https:\/\/i0.wp.com\/cts-chile.cl\/xiencuentro\/wp-content\/uploads\/2023\/12\/Cecilia_Ibarra_4.jpg?resize=768%2C1019&amp;ssl=1 768w, https:\/\/i0.wp.com\/cts-chile.cl\/xiencuentro\/wp-content\/uploads\/2023\/12\/Cecilia_Ibarra_4.jpg?resize=1158%2C1536&amp;ssl=1 1158w, https:\/\/i0.wp.com\/cts-chile.cl\/xiencuentro\/wp-content\/uploads\/2023\/12\/Cecilia_Ibarra_4.jpg?w=1490&amp;ssl=1 1490w\" sizes=\"auto, (max-width: 772px) 100vw, 772px\" data-recalc-dims=\"1\" \/><\/figure><div class=\"wp-block-media-text__content\">\n<p class=\"has-large-font-size\" style=\"padding-top:0;padding-bottom:0\"><strong>Cecilia Ibarra | Keynote Nacional<br><\/strong>Facultad de Gobierno, Universidad de Chile (UCH)<\/p>\n\n\n\n<p class=\"has-small-font-size\" style=\"padding-top:0;padding-right:0;padding-bottom:0;padding-left:0\">Desde que termin\u00e9 el doctorado en pol\u00edtica cient\u00edfica y tecnol\u00f3gica en la Universidad de Sussex en 2013, me he ido involucrando en investigaci\u00f3n en cambio clim\u00e1tico, especialmente en relaci\u00f3n al rol de la ciencia y los procesos de cambio tecnol\u00f3gico y, cada vez m\u00e1s, desde una perspectiva hist\u00f3rica. Me interesa la formaci\u00f3n de capacidades y de conocimiento en estos temas, he estudiado por ejemplo c\u00f3mo se han formado las ciencias que estudian el clima, la historia de las comunidades de especialistas en energ\u00eda solar y geot\u00e9rmica en Chile, integrando en la investigaci\u00f3n la mirada desde la pol\u00edtica en ciencia y tecnolog\u00eda, y trabajando en equipo con colegas del Centro de Ciencias del Clima y la Resiliencia (CR2) y del Centro de Geotermia de los Andes (CEGA). Mi formaci\u00f3n de pregrado fue en ingenier\u00eda civil industrial, ejerc\u00ed profesionalmente y esas experiencias informan mi trabajo actual. En estos diez a\u00f1os dedicada a la investigaci\u00f3n, he participado en la fundaci\u00f3n de CTS-Chile y del Laboratorio de Historia de la ciencia, la tecnolog\u00eda y la sociedad, y estoy empezando un nuevo camino de aprendizaje como acad\u00e9mica de la Facultad de Gobierno de la Universidad de Chile<\/p>\n<\/div><\/div>\n\n\n\n<div class=\"wp-block-media-text alignwide is-stacked-on-mobile is-vertically-aligned-center\" style=\"margin-top:var(--wp--preset--spacing--80);margin-bottom:var(--wp--preset--spacing--80);padding-right:0;padding-left:0;grid-template-columns:31% auto\"><figure class=\"wp-block-media-text__media\"><img loading=\"lazy\" decoding=\"async\" width=\"282\" height=\"376\" src=\"https:\/\/i0.wp.com\/cts-chile.cl\/xiencuentro\/wp-content\/uploads\/2023\/12\/image.jpg?resize=282%2C376&#038;ssl=1\" alt=\"\" class=\"wp-image-1461 size-full\" srcset=\"https:\/\/i0.wp.com\/cts-chile.cl\/xiencuentro\/wp-content\/uploads\/2023\/12\/image.jpg?w=282&amp;ssl=1 282w, https:\/\/i0.wp.com\/cts-chile.cl\/xiencuentro\/wp-content\/uploads\/2023\/12\/image.jpg?resize=225%2C300&amp;ssl=1 225w\" sizes=\"auto, (max-width: 282px) 100vw, 282px\" data-recalc-dims=\"1\" \/><\/figure><div class=\"wp-block-media-text__content\">\n<p class=\"has-large-font-size\"><strong>Leandro Rodr\u00edguez Medina | Keynote Internacional<br><\/strong>Centro CTS, Universidad Alberto Hurtado (UAH)<\/p>\n\n\n\n<p class=\"has-small-font-size\" style=\"padding-top:0;padding-right:0;padding-bottom:0;padding-left:0\">Profesor y director del Centro de Estudios en Ciencia, Tecnolog\u00eda y Sociedad de la Universidad Alberto Hurtado. Es doctor en Sociolog\u00eda por la Universidad de Cambridge (Reino Unido) y sus intereses de investigaci\u00f3n incluyen la circulaci\u00f3n internacional del conocimiento acad\u00e9mico, la relaci\u00f3n entre cultura y desarrollo urbano y los aspectos sociales de las enfermedades infecciosas. Editor jefe fundador de Tapuya: Latin American Science, Technology and Society (iniciativa que recibi\u00f3 el Premio a la Infraestructura 2023 de la Society for Social Studies of Science), entre sus libros figuran <em>Centers and Peripheries in Knowledge Production (<\/em>Routledge), <em>The Circulation of European Knowledge: Niklas Luhmann in the Hispanic Americas<\/em> (Palgrave) y, como editor, el <em>Routledge Handbook of Academic Knowledge Circulation<\/em> (Routledge) y <em>La Teor\u00eda del Actor Red en Am\u00e9rica Latina<\/em> (El Colegio de M\u00e9xico).<\/p>\n\n\n\n<p class=\"has-small-font-size\">Ha publicado art\u00edculos en <em>Higher Education; Science as Culture; Social Studies of Science<\/em>; <em>Urban Studies<\/em>; <em>Social and Cultural Geography<\/em>; <em>Current Sociology<\/em>; I<em>nternational Sociology<\/em>; <em>Revista Mexicana de Sociolog\u00eda<\/em>; <em>Estudios Geogr\u00e1ficos<\/em>; <em>Engaging Science, Technology and Society<\/em>; <em>Sociology Compass<\/em>; <em>City, Culture &amp; Society<\/em>; <em>First Monday<\/em>; <em>Revue d&#8217;anthropologie des connaissances<\/em>; <em>Energy Research and Social Sciences<\/em>; <em>Social Inclusion<\/em>; <em>Estudios Sociol\u00f3gicos<\/em>; <em>International Journal of Politics<\/em>, <em>Culture and Society<\/em>; <em>IEEE Annals of the History of Computing<\/em>; y <em>Latin American Policy<\/em>, entre otras revistas. Ha sido investigador visitante en Francia, Alemania y M\u00e9xico. Actualmente est\u00e1 trabajando en dos libros editados: <em>Decentralizing Knowledges: Essays in Distributed Agency (Duke University Press) y Diversifying Theory in STS: Latin American Perspectives<\/em> (Palgrave). <\/p>\n<\/div><\/div>\n\n\n\n<blockquote class=\"wp-block-quote is-layout-flow wp-block-quote-is-layout-flow\">\n<h2 class=\"wp-block-heading\">Sobre las Conferencias <\/h2>\n<\/blockquote>\n\n\n\n<div class=\"wp-block-columns alignwide are-vertically-aligned-top is-layout-flex wp-container-core-columns-is-layout-28f84493 wp-block-columns-is-layout-flex\">\n<div class=\"wp-block-column is-vertically-aligned-top has-custom-color-2-background-color has-text-color has-background has-link-color wp-elements-338a182b10af2bc853251a6824aba0a7 is-layout-flow wp-block-column-is-layout-flow\" style=\"color:#000000;padding-top:2em;padding-right:0.9em;padding-bottom:2em;padding-left:0.9em\">\n<h1 class=\"wp-block-heading has-ti-bg-alt-color has-text-color has-link-color wp-elements-c5b5914e77d117c56325e813e2abee2f\" id=\"patron\" style=\"font-size:clamp(22.041px, 1.378rem + ((1vw - 3.2px) * 1.702), 36px);\"><strong>Sobre estar aqu\u00ed hoy: una propuesta de sentido para CTS 10 +1<\/strong><\/h1>\n\n\n\n<p class=\"has-ti-bg-alt-color has-text-color has-link-color has-normal-font-size wp-elements-e23ce330a363fe04a9c297548b9c99ce\">Cecilia Ibarra | <strong>Mi\u00e9rcoles 3 de Enero, 11:00 hrs<\/strong><\/p>\n\n\n\n<hr class=\"wp-block-separator has-css-opacity is-style-wide\"\/>\n\n\n\n<p class=\"has-ti-bg-color has-text-color has-link-color has-normal-font-size wp-elements-249f76822086fe2584898ac6c67c13c3\" style=\"margin-top:var(--wp--preset--spacing--40);margin-right:0;margin-bottom:var(--wp--preset--spacing--40);margin-left:0\">Esta conversaci\u00f3n empezar\u00e1 por compartir el sentido que tiene para mi este Encuentros CTS, que es el primero de los nuevos diez. Nuestro Encuentro en La Serena, cerca de donde piso Gabriela. Me afirmo de la falda de mi giganta y miro hacia arriba para encontrar sus ojos. Me traen un trozo de su discurso para los graduados de la Universidad de Puerto Rico en 1931. Espero deshilvanarlo, trayendo retazos de mi experiencia con ustedes, y proponer que empiezan el segundo y tercer tiempos. Esto para que parta la conversa\u2026.<\/p>\n\n\n\n<blockquote class=\"wp-block-quote is-style-plain is-layout-flow wp-block-quote-is-layout-flow\" style=\"line-height:1.9\">\n<p class=\"has-ti-bg-color has-text-color has-link-color has-normal-font-size wp-elements-c2c7f419ab6d37b5402f1dcf1a6bd9b0\" style=\"padding-top:var(--wp--preset--spacing--50);padding-right:var(--wp--preset--spacing--50);padding-bottom:var(--wp--preset--spacing--50);padding-left:var(--wp--preset--spacing--50)\"><em>El primer tiempo ser\u00e1 pensar la profesi\u00f3n lo mismo que un pacto firmado con Dios o con la ciencia, y que obliga terriblemente a nuestra alma, y despu\u00e9s de ella, a nuestra honra mundana. El segundo tiempo ser\u00e1 organizar las corporaciones o gremios profesionales donde no existen, y donde ya se fundaron, depurarlos de corrupci\u00f3n y de pereza, vale decir, de relajamiento. El tercer tiempo ser\u00e1 obligar a la sociedad en que se vive, a que vuelva a dar una consideraci\u00f3n primog\u00e9nita a las profesiones que desde\u00f1a y rebaja.<\/em><\/p>\n<\/blockquote>\n<\/div>\n\n\n\n<div class=\"wp-block-column is-vertically-aligned-top has-custom-color-2-background-color has-text-color has-background has-link-color wp-elements-2f99249d53bc3b49bab134afd454ada8 is-layout-flow wp-block-column-is-layout-flow\" style=\"color:#000000;padding-top:2em;padding-right:0.9em;padding-bottom:2em;padding-left:0.9em\">\n<h1 class=\"wp-block-heading has-ti-bg-alt-color has-text-color has-link-color wp-elements-e5f2186a3001be2d464be6e778b91ab5\" id=\"patron\" style=\"font-size:clamp(22.041px, 1.378rem + ((1vw - 3.2px) * 1.702), 36px);\">Poniendo el conocimiento en circulaci\u00f3n: infraestructuras e ideas en un campo din\u00e1mico<\/h1>\n\n\n\n<p class=\"has-ti-bg-alt-color has-text-color has-link-color has-normal-font-size wp-elements-fbb82470cf4a959646e0cb8c3c3b0420\">Leandro Medina | <strong>Jueves 4 de Enero, 09:00 hrs<\/strong><\/p>\n\n\n\n<hr class=\"wp-block-separator has-css-opacity is-style-wide\"\/>\n\n\n\n<p class=\"has-ti-bg-color has-text-color has-link-color has-normal-font-size wp-elements-9352ed08de4dbeef325643216f7095e7\" style=\"margin-top:var(--wp--preset--spacing--40);margin-right:0;margin-bottom:var(--wp--preset--spacing--40);margin-left:0\">A trav\u00e9s de conceptos como arenas transepist\u00e9micas, ensamblajes sociot\u00e9cnicos, actores-red y otros m\u00e1s que siguen multiplic\u00e1ndose, la investigaci\u00f3n en STS ha hecho hincapi\u00e9 en la relacionalidad y la performatividad. Quiz\u00e1s m\u00e1s importante, estos t\u00e9rminos buscan superar una visi\u00f3n dicot\u00f3mica entre la materialidad y lo simb\u00f3lico, preocup\u00e1ndose en el c\u00f3mo y qu\u00e9 circula entre ambos. Propongo en esta presentaci\u00f3n, por razones anal\u00edticas, desacoplarlos nuevamente para pensar qu\u00e9 sucede en algunas disciplinas acad\u00e9micas en la relaci\u00f3n entre las ideas y las infraestructuras. Al producir esta separaci\u00f3n, observamos que las ideas se central (o descentran) mientras que las infraestructuras se centralizan (o descentralizan). Esto, por lo tanto, permite la construcci\u00f3n de cuatro escenarios en los cuales el nivel de las ideas se combina, no siempre arm\u00f3nicamente, con el nivel de los dispositivos que contienen (expanden, contraen, movilizan o detienen) esas ideas. La descentralizaci\u00f3n epist\u00e9mica surge as\u00ed como un proyecto que busca no s\u00f3lo la cr\u00edtica al canon, siempre reduccionista, sino tambi\u00e9n a las infraestructuras del conocimiento imperante. La batalla por campos acad\u00e9micos y cient\u00edficos m\u00e1s plurales se da en ambos frentes y, aunque la conexi\u00f3n entre ambos es ineludible, la desconexi\u00f3n anal\u00edtica permite comprenderlos mejor y, tal vez, concebir estrategias m\u00e1s eficaces para una academia m\u00e1s justa.<\/p>\n<\/div>\n<\/div>\n","protected":false},"excerpt":{"rendered":"<p>Cecilia Ibarra | Keynote NacionalFacultad de Gobierno, Universidad de Chile (UCH) Desde que termin\u00e9 el doctorado en pol\u00edtica cient\u00edfica y tecnol\u00f3gica en la Universidad de Sussex en 2013, me he ido involucrando en investigaci\u00f3n en cambio clim\u00e1tico, especialmente en relaci\u00f3n al rol de la ciencia y los procesos de cambio tecnol\u00f3gico y, cada vez m\u00e1s, [&hellip;]<\/p>\n","protected":false},"author":2,"featured_media":0,"parent":0,"menu_order":0,"comment_status":"closed","ping_status":"closed","template":"","meta":{"_themeisle_gutenberg_block_has_review":false,"footnotes":""},"class_list":["post-1434","page","type-page","status-publish","hentry"],"jetpack_sharing_enabled":true,"_links":{"self":[{"href":"https:\/\/cts-chile.cl\/xiencuentro\/wp-json\/wp\/v2\/pages\/1434","targetHints":{"allow":["GET"]}}],"collection":[{"href":"https:\/\/cts-chile.cl\/xiencuentro\/wp-json\/wp\/v2\/pages"}],"about":[{"href":"https:\/\/cts-chile.cl\/xiencuentro\/wp-json\/wp\/v2\/types\/page"}],"author":[{"embeddable":true,"href":"https:\/\/cts-chile.cl\/xiencuentro\/wp-json\/wp\/v2\/users\/2"}],"replies":[{"embeddable":true,"href":"https:\/\/cts-chile.cl\/xiencuentro\/wp-json\/wp\/v2\/comments?post=1434"}],"version-history":[{"count":2,"href":"https:\/\/cts-chile.cl\/xiencuentro\/wp-json\/wp\/v2\/pages\/1434\/revisions"}],"predecessor-version":[{"id":1517,"href":"https:\/\/cts-chile.cl\/xiencuentro\/wp-json\/wp\/v2\/pages\/1434\/revisions\/1517"}],"wp:attachment":[{"href":"https:\/\/cts-chile.cl\/xiencuentro\/wp-json\/wp\/v2\/media?parent=1434"}],"curies":[{"name":"wp","href":"https:\/\/api.w.org\/{rel}","templated":true}]}}

<div class="wp-block-media-text alignwide is-stacked-on-mobile is-vertically-aligned-center" style="grid-template-columns:31% auto"><figure class="wp-block-media-text__media"><img loading="lazy" decoding="async" width="772" height="1024" src="https://i0.wp.com/cts-chile.cl/xiencuentro/wp-content/uploads/2023/12/Cecilia_Ibarra_4.jpg?resize=772%2C1024&#038;ssl=1" alt="" class="wp-image-1516 size-full" srcset="https://i0.wp.com/cts-chile.cl/xiencuentro/wp-content/uploads/2023/12/Cecilia_Ibarra_4.jpg?resize=772%2C1024&amp;ssl=1 772w, https://i0.wp.com/cts-chile.cl/xiencuentro/wp-content/uploads/2023/12/Cecilia_Ibarra_4.jpg?resize=226%2C300&amp;ssl=1 226w, https://i0.wp.com/cts-chile.cl/xiencuentro/wp-content/uploads/2023/12/Cecilia_Ibarra_4.jpg?resize=768%2C1019&amp;ssl=1 768w, https://i0.wp.com/cts-chile.cl/xiencuentro/wp-content/uploads/2023/12/Cecilia_Ibarra_4.jpg?resize=1158%2C1536&amp;ssl=1 1158w, https://i0.wp.com/cts-chile.cl/xiencuentro/wp-content/uploads/2023/12/Cecilia_Ibarra_4.jpg?w=1490&amp;ssl=1 1490w" sizes="auto, (max-width: 772px) 100vw, 772px" data-recalc-dims="1" /></figure><div class="wp-block-media-text__content">
<p class="has-large-font-size" style="padding-top:0;padding-bottom:0"><strong>Cecilia Ibarra | Keynote Nacional<br></strong>Facultad de Gobierno, Universidad de Chile (UCH)</p>



<p class="has-small-font-size" style="padding-top:0;padding-right:0;padding-bottom:0;padding-left:0">Desde que terminé el doctorado en política científica y tecnológica en la Universidad de Sussex en 2013, me he ido involucrando en investigación en cambio climático, especialmente en relación al rol de la ciencia y los procesos de cambio tecnológico y, cada vez más, desde una perspectiva histórica. Me interesa la formación de capacidades y de conocimiento en estos temas, he estudiado por ejemplo cómo se han formado las ciencias que estudian el clima, la historia de las comunidades de especialistas en energía solar y geotérmica en Chile, integrando en la investigación la mirada desde la política en ciencia y tecnología, y trabajando en equipo con colegas del Centro de Ciencias del Clima y la Resiliencia (CR2) y del Centro de Geotermia de los Andes (CEGA). Mi formación de pregrado fue en ingeniería civil industrial, ejercí profesionalmente y esas experiencias informan mi trabajo actual. En estos diez años dedicada a la investigación, he participado en la fundación de CTS-Chile y del Laboratorio de Historia de la ciencia, la tecnología y la sociedad, y estoy empezando un nuevo camino de aprendizaje como académica de la Facultad de Gobierno de la Universidad de Chile</p>
</div></div>



<div class="wp-block-media-text alignwide is-stacked-on-mobile is-vertically-aligned-center" style="margin-top:var(--wp--preset--spacing--80);margin-bottom:var(--wp--preset--spacing--80);padding-right:0;padding-left:0;grid-template-columns:31% auto"><figure class="wp-block-media-text__media"><img loading="lazy" decoding="async" width="282" height="376" src="https://i0.wp.com/cts-chile.cl/xiencuentro/wp-content/uploads/2023/12/image.jpg?resize=282%2C376&#038;ssl=1" alt="" class="wp-image-1461 size-full" srcset="https://i0.wp.com/cts-chile.cl/xiencuentro/wp-content/uploads/2023/12/image.jpg?w=282&amp;ssl=1 282w, https://i0.wp.com/cts-chile.cl/xiencuentro/wp-content/uploads/2023/12/image.jpg?resize=225%2C300&amp;ssl=1 225w" sizes="auto, (max-width: 282px) 100vw, 282px" data-recalc-dims="1" /></figure><div class="wp-block-media-text__content">
<p class="has-large-font-size"><strong>Leandro Rodríguez Medina | Keynote Internacional<br></strong>Centro CTS, Universidad Alberto Hurtado (UAH)</p>



<p class="has-small-font-size" style="padding-top:0;padding-right:0;padding-bottom:0;padding-left:0">Profesor y director del Centro de Estudios en Ciencia, Tecnología y Sociedad de la Universidad Alberto Hurtado. Es doctor en Sociología por la Universidad de Cambridge (Reino Unido) y sus intereses de investigación incluyen la circulación internacional del conocimiento académico, la relación entre cultura y desarrollo urbano y los aspectos sociales de las enfermedades infecciosas. Editor jefe fundador de Tapuya: Latin American Science, Technology and Society (iniciativa que recibió el Premio a la Infraestructura 2023 de la Society for Social Studies of Science), entre sus libros figuran <em>Centers and Peripheries in Knowledge Production (</em>Routledge), <em>The Circulation of European Knowledge: Niklas Luhmann in the Hispanic Americas</em> (Palgrave) y, como editor, el <em>Routledge Handbook of Academic Knowledge Circulation</em> (Routledge) y <em>La Teoría del Actor Red en América Latina</em> (El Colegio de México).</p>



<p class="has-small-font-size">Ha publicado artículos en <em>Higher Education; Science as Culture; Social Studies of Science</em>; <em>Urban Studies</em>; <em>Social and Cultural Geography</em>; <em>Current Sociology</em>; I<em>nternational Sociology</em>; <em>Revista Mexicana de Sociología</em>; <em>Estudios Geográficos</em>; <em>Engaging Science, Technology and Society</em>; <em>Sociology Compass</em>; <em>City, Culture &amp; Society</em>; <em>First Monday</em>; <em>Revue d&#8217;anthropologie des connaissances</em>; <em>Energy Research and Social Sciences</em>; <em>Social Inclusion</em>; <em>Estudios Sociológicos</em>; <em>International Journal of Politics</em>, <em>Culture and Society</em>; <em>IEEE Annals of the History of Computing</em>; y <em>Latin American Policy</em>, entre otras revistas. Ha sido investigador visitante en Francia, Alemania y México. Actualmente está trabajando en dos libros editados: <em>Decentralizing Knowledges: Essays in Distributed Agency (Duke University Press) y Diversifying Theory in STS: Latin American Perspectives</em> (Palgrave). </p>
</div></div>



<blockquote class="wp-block-quote is-layout-flow wp-block-quote-is-layout-flow">
<h2 class="wp-block-heading">Sobre las Conferencias </h2>
</blockquote>



<div class="wp-block-columns alignwide are-vertically-aligned-top is-layout-flex wp-container-core-columns-is-layout-28f84493 wp-block-columns-is-layout-flex">
<div class="wp-block-column is-vertically-aligned-top has-custom-color-2-background-color has-text-color has-background has-link-color wp-elements-338a182b10af2bc853251a6824aba0a7 is-layout-flow wp-block-column-is-layout-flow" style="color:#000000;padding-top:2em;padding-right:0.9em;padding-bottom:2em;padding-left:0.9em">
<h1 class="wp-block-heading has-ti-bg-alt-color has-text-color has-link-color wp-elements-c5b5914e77d117c56325e813e2abee2f" id="patron" style="font-size:clamp(22.041px, 1.378rem + ((1vw - 3.2px) * 1.702), 36px);"><strong>Sobre estar aquí hoy: una propuesta de sentido para CTS 10 +1</strong></h1>



<p class="has-ti-bg-alt-color has-text-color has-link-color has-normal-font-size wp-elements-e23ce330a363fe04a9c297548b9c99ce">Cecilia Ibarra | <strong>Miércoles 3 de Enero, 11:00 hrs</strong></p>



<hr class="wp-block-separator has-css-opacity is-style-wide"/>



<p class="has-ti-bg-color has-text-color has-link-color has-normal-font-size wp-elements-249f76822086fe2584898ac6c67c13c3" style="margin-top:var(--wp--preset--spacing--40);margin-right:0;margin-bottom:var(--wp--preset--spacing--40);margin-left:0">Esta conversación empezará por compartir el sentido que tiene para mi este Encuentros CTS, que es el primero de los nuevos diez. Nuestro Encuentro en La Serena, cerca de donde piso Gabriela. Me afirmo de la falda de mi giganta y miro hacia arriba para encontrar sus ojos. Me traen un trozo de su discurso para los graduados de la Universidad de Puerto Rico en 1931. Espero deshilvanarlo, trayendo retazos de mi experiencia con ustedes, y proponer que empiezan el segundo y tercer tiempos. Esto para que parta la conversa….</p>



<blockquote class="wp-block-quote is-style-plain is-layout-flow wp-block-quote-is-layout-flow" style="line-height:1.9">
<p class="has-ti-bg-color has-text-color has-link-color has-normal-font-size wp-elements-c2c7f419ab6d37b5402f1dcf1a6bd9b0" style="padding-top:var(--wp--preset--spacing--50);padding-right:var(--wp--preset--spacing--50);padding-bottom:var(--wp--preset--spacing--50);padding-left:var(--wp--preset--spacing--50)"><em>El primer tiempo será pensar la profesión lo mismo que un pacto firmado con Dios o con la ciencia, y que obliga terriblemente a nuestra alma, y después de ella, a nuestra honra mundana. El segundo tiempo será organizar las corporaciones o gremios profesionales donde no existen, y donde ya se fundaron, depurarlos de corrupción y de pereza, vale decir, de relajamiento. El tercer tiempo será obligar a la sociedad en que se vive, a que vuelva a dar una consideración primogénita a las profesiones que desdeña y rebaja.</em></p>
</blockquote>
</div>



<div class="wp-block-column is-vertically-aligned-top has-custom-color-2-background-color has-text-color has-background has-link-color wp-elements-2f99249d53bc3b49bab134afd454ada8 is-layout-flow wp-block-column-is-layout-flow" style="color:#000000;padding-top:2em;padding-right:0.9em;padding-bottom:2em;padding-left:0.9em">
<h1 class="wp-block-heading has-ti-bg-alt-color has-text-color has-link-color wp-elements-e5f2186a3001be2d464be6e778b91ab5" id="patron" style="font-size:clamp(22.041px, 1.378rem + ((1vw - 3.2px) * 1.702), 36px);">Poniendo el conocimiento en circulación: infraestructuras e ideas en un campo dinámico</h1>



<p class="has-ti-bg-alt-color has-text-color has-link-color has-normal-font-size wp-elements-fbb82470cf4a959646e0cb8c3c3b0420">Leandro Medina | <strong>Jueves 4 de Enero, 09:00 hrs</strong></p>



<hr class="wp-block-separator has-css-opacity is-style-wide"/>



<p class="has-ti-bg-color has-text-color has-link-color has-normal-font-size wp-elements-9352ed08de4dbeef325643216f7095e7" style="margin-top:var(--wp--preset--spacing--40);margin-right:0;margin-bottom:var(--wp--preset--spacing--40);margin-left:0">A través de conceptos como arenas transepistémicas, ensamblajes sociotécnicos, actores-red y otros más que siguen multiplicándose, la investigación en STS ha hecho hincapié en la relacionalidad y la performatividad. Quizás más importante, estos términos buscan superar una visión dicotómica entre la materialidad y lo simbólico, preocupándose en el cómo y qué circula entre ambos. Propongo en esta presentación, por razones analíticas, desacoplarlos nuevamente para pensar qué sucede en algunas disciplinas académicas en la relación entre las ideas y las infraestructuras. Al producir esta separación, observamos que las ideas se central (o descentran) mientras que las infraestructuras se centralizan (o descentralizan). Esto, por lo tanto, permite la construcción de cuatro escenarios en los cuales el nivel de las ideas se combina, no siempre armónicamente, con el nivel de los dispositivos que contienen (expanden, contraen, movilizan o detienen) esas ideas. La descentralización epistémica surge así como un proyecto que busca no sólo la crítica al canon, siempre reduccionista, sino también a las infraestructuras del conocimiento imperante. La batalla por campos académicos y científicos más plurales se da en ambos frentes y, aunque la conexión entre ambos es ineludible, la desconexión analítica permite comprenderlos mejor y, tal vez, concebir estrategias más eficaces para una academia más justa.</p>
</div>
</div>

<p>Cecilia Ibarra | Keynote NacionalFacultad de Gobierno, Universidad de Chile (UCH) Desde que terminé el doctorado en política científica y tecnológica en la Universidad de Sussex en 2013, me he ido involucrando en investigación en cambio climático, especialmente en relación al rol de la ciencia y los procesos de cambio tecnológico y, cada vez más, [&hellip;]</p>
