{"id":1405,"date":"2023-11-15T18:25:57","date_gmt":"2023-11-15T22:25:57","guid":{"rendered":"https:\/\/cts-chile.cl\/xiencuentro\/?page_id=1405"},"modified":"2023-12-29T12:23:55","modified_gmt":"2023-12-29T16:23:55","slug":"resultados","status":"publish","type":"page","link":"https:\/\/cts-chile.cl\/xiencuentro\/resultados\/","title":{"rendered":"Aceptados"},"content":{"rendered":"\n<p>A continuaci\u00f3n, se listan las diversas propuestas de participaci\u00f3n que han sido aceptadas para el XI Encuentro CTS-2024. Se encuentran organizados en el siguiente orden: <strong>Ponencias, Salones Sensoriales y Tertulias Tem\u00e1ticas. <\/strong><\/p>\n\n\n\n<div id=\"wp-block-themeisle-blocks-accordion-f3288638\" class=\"wp-block-themeisle-blocks-accordion exclusive\">\n<details class=\"wp-block-themeisle-blocks-accordion-item\"><summary class=\"wp-block-themeisle-blocks-accordion-item__title\"><div>\ud83d\udfe2 <strong>PONENCIAS<\/strong><\/div><\/summary><div class=\"wp-block-themeisle-blocks-accordion-item__content\">\n<p>1. El sonido recobrado. A 10 a\u00f1os de su instalaci\u00f3n una revisi\u00f3n situada del papel del arte y del sonido como medios re-significantes. <strong>Graciela Mu\u00f1oz Farida<\/strong><\/p>\n\n\n\n<p>2. Hacia una Comprensi\u00f3n Integral: Ciencia, Tecnolog\u00eda y la Experiencia Humana en la Educaci\u00f3n y la Salud. <strong>Macarena Mosqueira Moya<\/strong><\/p>\n\n\n\n<p>3. Mujeres en las ciencias, brechas descentralizadas. <strong>Kinga Halmai Zapata<\/strong><\/p>\n\n\n\n<p>4. \u201cOtra cosa es con guitarra\u201d: brechas entre imaginarios y pr\u00e1cticas de digitalizaci\u00f3n en el puerto de Valpara\u00edso. <strong>Daniel Brzovic Gaete<\/strong><\/p>\n\n\n\n<p>5. #Archipi\u00e9lagoDeHumboldt. La surgencia del movimiento ecologista por la defensa del territorio y su biodiversidad. <strong>Felipe C\u00e1rcamo Moreno<\/strong><\/p>\n\n\n\n<p>6. A pluralizar los modos de valorizaci\u00f3n de la naturaleza: tipolog\u00edas equ\u00edvocas de la naturaleza y fricciones en contextos de conservaci\u00f3n en territorio mapuche. <strong>Yerko Garc\u00eda Mart\u00ednez<\/strong><\/p>\n\n\n\n<p>7. Abriendo la caja negra del tiempo en salud: un an\u00e1lisis de ordenamientos temporales a trav\u00e9s de objetos en Chile. <strong>Jorge Castillo Sep\u00falveda, Mariana G\u00e1lvez Ram\u00edrez y Fernanda Bywaters Collado<\/strong><\/p>\n\n\n\n<p>8. Adaptaciones frente al COVID 19 en M\u00e9xico: una mirada CTS.<\/p>\n\n\n\n<p>9. Antropolog\u00eda feminista de la ciencia y la tecnolog\u00eda en Am\u00e9rica Latina: un mapeo desde Brasil. <strong>Daniela Manica, Clarissa Reche, Fernanda Mariath y Soraya Fleischer<\/strong><\/p>\n\n\n\n<p>10. Avanzar a una sociedad c\u00edborg con enfoque de derechos. <strong>Jorge Maldonado Soto<\/strong><\/p>\n\n\n\n<p>11. Bosque con lupa: una experiencia de comunicaci\u00f3n de la ciencia desde lo micro. <strong>Celeste Skewes Guerra<\/strong><\/p>\n\n\n\n<p>12. Casi una controversia? El caso de la radiaci\u00f3n no-ionizante en Chile. <strong>Natalia Orrego Tapia<\/strong><\/p>\n\n\n\n<p>13. Ciencia, Tecnolog\u00eda y Po\u00e9tica Musical para las masas: a 50 a\u00f1os de la publicaci\u00f3n de \u00abEl computador Virtuoso\u00bb de Jos\u00e9 Vicente Asuar. <strong>Rodrigo Fern\u00e1ndez Albornoz<\/strong><\/p>\n\n\n\n<p>14. Co-creaci\u00f3n art\u00edstica y proyecci\u00f3n territorial en educaci\u00f3n sobre la Gu\u00eda de campo de \u00c1rboles del Parque Bot\u00e1nico del Santuario de la Naturaleza Pen\u00ednsula de Hualp\u00e9n. <strong>Xuksa Kramcsak Mu\u00f1oz<\/strong><\/p>\n\n\n\n<p>15. Comunicaci\u00f3n socioecol\u00f3gica: \u00bfqu\u00e9 hacer ante el negacionismo del cambio clim\u00e1tico?. <strong>Xuksa Kramcsak Mu\u00f1oz<\/strong><\/p>\n\n\n\n<p>16. Conocimiento de las mujeres ind\u00edgenas en latinoam\u00e9rica. <strong>Miriam Jara Pe\u00f1a<\/strong><\/p>\n\n\n\n<p>17. Consecuencias socioculturales de las caracter\u00edsticas organol\u00e9pticas de las vi\u00f1as ecol\u00f3gicas del Valle del Cachapoal. <strong>Jos\u00e9 Pinto Galaz<\/strong><\/p>\n\n\n\n<p>18. Contaminantes en emergencia: aportes del campo CTS al estudio de presencias qu\u00edmicas y toxicidad. <strong>Jessica Ferreira Cardoso<\/strong><\/p>\n\n\n\n<p>19. Cuid\u00e1ndonos entre nosotras: Condiciones laborales de las mujeres en la academia chilena. <strong>Francisca Ortiz Ruiz, Denisse Sep\u00falveda, Manuela Mendoza-Horvitz y B\u00e1rbara Flores<\/strong><\/p>\n\n\n\n<p>20. DICIENCIA en Crecimiento. <strong>Gladys Hayashida Soiza, Cristian L\u00f3pez Jamett y Iv\u00e1n Huerta Pizarro<\/strong><\/p>\n\n\n\n<p>21. Din\u00e1micas de grupos peque\u00f1os en redes cient\u00edficas.<strong> Alejandro Espinoza Rada<\/strong><\/p>\n\n\n\n<p>22. El cuerpo de la mujer como un espacio de resistencias que influye en su salud mental, a trav\u00e9s de la percepci\u00f3n de su propio cuerpo. <strong>Cecilia Concha Gonz\u00e1lez<\/strong><\/p>\n\n\n\n<p>23. Esto no es Inteligencia Artificial. <strong>Jos\u00e9 Guridi<\/strong><\/p>\n\n\n\n<p>24. Espacio de opini\u00f3n chileno: actuando formas de debate p\u00fablico. <strong>Mario Fergnani Sep\u00falveda<\/strong><\/p>\n\n\n\n<p>25. Estratificaciones dentro de las infraestructuras: procesos de digitalizaci\u00f3n de pymes y mutaciones en la desigualdad social. <strong>Adri\u00e1n Wong<\/strong><\/p>\n\n\n\n<p>26. Estudios Culturales e Hinchadas de F\u00fatbol. <strong>Camilo Am\u00e9stica Zavala<\/strong><\/p>\n\n\n\n<p>27. Evaluaci\u00f3n de focalizaci\u00f3n del FONDECYT de iniciaci\u00f3n: una an\u00e1lisis de pol\u00edtica p\u00fablica a uno de los principales instrumentos de investigaci\u00f3n cient\u00edfica. <strong>Crist\u00f3bal Olivares Vargas, Mart\u00edn P\u00e9rez Comisso, Tamara Van Hemelryck y Alejandro Micco<\/strong><\/p>\n\n\n\n<p>28. Evaluaci\u00f3n del conocimiento y uso del etiquetado nutricional en personas con discapacidad visual de la Regi\u00f3n de Coquimbo. <strong>Iv\u00e1n Castillo G\u00f3mez, Josefa Rivera, Danyely Vargas y Carolina Mella<\/strong><\/p>\n\n\n\n<p>29. Explorando la Era Digital en la Arqueolog\u00eda Chilena: Perspectivas, Tendencias y Desaf\u00edos Futuros. <strong>Michelle Salgado Calqu\u00edn, V\u00edctor M\u00e9ndez y Ver\u00f3nica Alcalde<\/strong><\/p>\n\n\n\n<p>30. Ferias tecnol\u00f3gicas y futuros energ\u00e9ticos: una mirada etnogr\u00e1fica a las ferias y eventos del hidr\u00f3geno verde. <strong>Tom\u00e1s Arizt\u00eda y Tomas Undurraga<\/strong><\/p>\n\n\n\n<p>31. Fibra \u00d3ptica: Reflexiones antropol\u00f3gicas e infraestructuras cr\u00edticas. <strong>Sof\u00eda Ceresuela Del Valle<\/strong><\/p>\n\n\n\n<p>32. Formaci\u00f3n y especializaci\u00f3n de las\/os comunicadoras\/os de la ciencia en Chile. <strong>Lorena Valderrama, Teresa Vernal y Macarena Pe\u00f1a y Lillo<\/strong><\/p>\n\n\n\n<p>33. Futuros simbiontes: pol\u00edtica y microorganismos. <strong>Cristina Dorador Ortiz<\/strong><\/p>\n\n\n\n<p>34. Generaci\u00f3n de conocimiento Cient\u00edfico y el mundo de los Datos. <strong>Juan Ernesto Sep\u00falveda&nbsp;<\/strong><\/p>\n\n\n\n<p>35. GES-Depresi\u00f3n : efectos inesperados y controversias de la pol\u00edtica p\u00fablica. <strong>Ximena Zabala Corradi<\/strong><\/p>\n\n\n\n<p>36. Gobernanza algor\u00edtmica: \u00bfaceptar, rechazar o legitimar las decisiones pol\u00edticas basadas en algoritmos?. <strong>Daniel Santiba\u00f1ez<\/strong><\/p>\n\n\n\n<p>37. Hilando a Bruno Latour: Inscripciones, monstruos, h\u00edbridos y metamorfosis. <strong>Francisco Salinas Lemus<\/strong><\/p>\n\n\n\n<p>38. Historia de la primera cibercultura nacional: Cybersyn y el proyecto Cyberfolk. <strong>Rodrigo Fern\u00e1ndez Albornoz<\/strong><\/p>\n\n\n\n<p>39 Hu\u00e9spedes y c\u00f3digos: relaciones multiespecificas en dispositivos SynBio Eduardo Rojas Arce<\/p>\n\n\n\n<p>40. Ko\u00f1in. Aproximaciones al Nacimiento Mapuche. <strong>Camila Flores Galleguillos<\/strong><\/p>\n\n\n\n<p>41. La experiencia educativa de Qu\u00edmica Transformadora. <strong>Mart\u00edn P\u00e9rez Comisso<\/strong><\/p>\n\n\n\n<p>42. La modernidad en disputa: Villa Ol\u00edmpica y Estadio Nacional. <strong>Nicole Larrondo<\/strong><\/p>\n\n\n\n<p>43. La noci\u00f3n de lo maqu\u00ednico en la obra de F\u00e9lix Guattari aplicada a los desarrollos de las tecnolog\u00edas de informaci\u00f3n en el Siglo XXI. <strong>Jes\u00fas Santorcuato Mu\u00f1oz<\/strong><\/p>\n\n\n\n<p>44. La reconfiguraci\u00f3n de los cielos: Futuros a\u00e9reos posibles tras la descarbonizaci\u00f3n de la industria aeron\u00e1utica. <strong>Ren\u00e9 Catal\u00e1n Hidalgo<\/strong><\/p>\n\n\n\n<p>45. La sociedad de la antropolog\u00eda: Las actividades de transferencia al medio de los FONDECYT de Antropolog\u00eda en Chile (2013-2018) y sus interfaces ciencia-sociedad. <strong>Mat\u00edas Fleischmann Gonz\u00e1lez<\/strong><\/p>\n\n\n\n<p>46. La zona intermareal y la norma de g\u00e9nero \u2013 Enredos de arte, ciencia y etnograf\u00eda en sitios costeros. <strong>Andr\u00e9s Haye Molina y Claudia Matus<\/strong><\/p>\n\n\n\n<p>47. Las \u00abmesas\u00bb del mallku Marquez: patrimonio y divergencia en el norte de Chile.<strong> Catalina Mansilla Aguilera<\/strong><\/p>\n\n\n\n<p>48. M\u00e1quinas abiertas, plataformas y la disgregaci\u00f3n del empleo: Subjetivaci\u00f3n en el microtrabajo. <strong>Diego Rivera Lisboa<\/strong><\/p>\n\n\n\n<p>49. Mediaci\u00f3n, traducci\u00f3n y cuidado: el rol de los guardaparques en la producci\u00f3n de conservaci\u00f3n en Chile. <strong>Tom\u00e1s Undurraga, Tomas Arizt\u00eda y Gonzalo Aguirre<\/strong><\/p>\n\n\n\n<p>50. Midiendo la Resiliencia Clim\u00e1tica:&nbsp; Un an\u00e1lisis de la conceptualizaci\u00f3n, medici\u00f3n y aprendizaje en los casos modelo de la Campa\u00f1a Race to Resilience. <strong>Juan Carlos Varela y Marco Billi<\/strong><\/p>\n\n\n\n<p>51. Modos de existencia, recovecos y huertas campesinas de Villa Prat. <strong>Am\u00e9rica Opazo<\/strong><\/p>\n\n\n\n<p>52. Neurotecnolog\u00edas, neuroderechos y salud mental; desde la percepci\u00f3n. <strong>Andrea Schmessane<\/strong><\/p>\n\n\n\n<p>53. Nuevas preguntas en los estudios de g\u00e9nero en STEM: cuerpo y experiencia epist\u00e9mica. <strong>Andrea Vera Gajardo y Consuelo Dinamarca<\/strong><\/p>\n\n\n\n<p>54. Oscilaciones i\u00f3nicas: movilidad, quietud y trabajo en mundos de litio. <strong>Cristobal Bonelli<\/strong><\/p>\n\n\n\n<p>55. Parque La Hondonada: red de decisiones y sus efectos sobre el territorio. <strong>Paula Gonz\u00e1lez Castillo y Violeta Tapia Venegas<\/strong><\/p>\n\n\n\n<p>56. Participaci\u00f3n Juvenil y gesti\u00f3n Local. <strong>Valentina Vega Pinilla y Cristopher Aguilera Barraza<\/strong><\/p>\n\n\n\n<p>57. Percepci\u00f3n de los efectos ambientales de relaves mineros: El caso de la Escuela San Lorenzo de Andacollo, IV Regi\u00f3n de Coquimbo. <strong>Sebasti\u00e1n Montoya Baeza<\/strong><\/p>\n\n\n\n<p>58. Powering Emotions [PowEms], social participation and affective engagements in hydroelectric planning: Ethnographic and Social WorkPerspectives from Colombia, Chile and Switzerland. <strong>N\u00e9lida Ram\u00edrez Naranjo<\/strong><\/p>\n\n\n\n<p>59. Prevenci\u00f3n del Suicidio en la Era de la Modernidad L\u00edquida: Controversias entre dispositivos de Salud Mental e Infraestructura. <strong>Jos\u00e9 Pincheira Barra<\/strong><\/p>\n\n\n\n<p>60. Procesos de gubernamentalizaci\u00f3n educacional a partir de datos socioecon\u00f3micos: El Dato Como Capital y El Homo \u0152conomicus. <strong>Valentina Riberi<\/strong><\/p>\n\n\n\n<p>61. Programa Explora como impulsora de objetos de frontera entre docencias y ciencias. <strong>Luis Venegas<\/strong><\/p>\n\n\n\n<p>62. Promoci\u00f3n de salud en personas que viven con discapacidad: Experiencia de aprendizaje + acci\u00f3n de la carrera Nutrici\u00f3n y Diet\u00e9tica de la Universidad Central de Chile, Regi\u00f3n Coquimbo. <strong>Marcela \u00d1unque Gonz\u00e1lez, Marco Navarrete \u00c1vil y Marcela Ogalde<\/strong><\/p>\n\n\n\n<p>63. Redes, redes, redes:&nbsp; Reconociendo conexiones en el ciberactivismo de mujeres y disidencias en Chile. <strong>Luciana Cerna Sciaccaluga<\/strong><\/p>\n\n\n\n<p>64. Reflexiones \u00e9ticas y pr\u00e1cticas sobre el uso de Tecnolog\u00edas de Soporte Vital (TSV) en Unidades de Pacientes Cr\u00edticos (UPC) de la salud p\u00fablica. <strong>\u00c1mbar \u00c1ngel Toledo<\/strong><\/p>\n\n\n\n<p>65. Repensando Pol\u00edticas P\u00fablicas: El Ensamblaje Complejo de Dispositivos y Gubernamentalidad. <strong>Ra\u00fal Zuleta Cort\u00e9s<\/strong><\/p>\n\n\n\n<p>66. Subjetividades h\u00edbridas: el rol de los mundos digitales para la construcci\u00f3n de identidades bisexuales en j\u00f3venes. <strong>Isadora Castillo Chaud<\/strong><\/p>\n\n\n\n<p>67. Tragedias de la Innovaci\u00f3n: El Punto Ciego de Google Glass. <strong>Felipe Raglianti<\/strong><\/p>\n\n\n\n<p>68. Una etnograf\u00eda de la incertidumbre en el trabajo cient\u00edfico y cl\u00ednico en resistencia a antibi\u00f3ticos. <strong>Cristi\u00e1n Navarrete Oyandel<\/strong><\/p>\n\n\n\n<p>69. Where are my robots, mija? Una revisi\u00f3n situada de las narrativas del cambio tecnol\u00f3gico en Am\u00e9rica Latina. <strong>Nicolas Didier&nbsp;<\/strong><\/p>\n\n\n\n<p>94. Comprender la imagen audiovisual en la era del Chthuluceno. <strong>Camila Alca\u00edno<\/strong><\/p>\n\n\n\n<p>95. Software en Chile: revalorizaci\u00f3n de casos locales paradigm\u00e1ticos. <strong>Ricardo Vega<\/strong><\/p>\n\n\n\n<p>97. Laboratorio de Instrumentos. <strong>Nicol\u00e1s Trujillo<\/strong><\/p>\n\n\n\n<p>98. \u00bfC\u00f3mo escribir una presentaci\u00f3n acad\u00e9mica? <strong>Carla Fardella<\/strong><\/p>\n\n\n\n<p>100. Experiencia del Nodo CIV-VAL: Una mirada situada. <strong>Kinga Halmai Zapata, Priscilla Beltr\u00e1n y Javier \u00c1lvarez<\/strong><\/p>\n<\/div><\/details>\n<\/div>\n\n\n\n<div id=\"wp-block-themeisle-blocks-accordion-323d65b1\" class=\"wp-block-themeisle-blocks-accordion exclusive\">\n<details class=\"wp-block-themeisle-blocks-accordion-item\"><summary class=\"wp-block-themeisle-blocks-accordion-item__title\"><div>\ud83d\udd35 <strong>SALONES SENSORIALES<\/strong><\/div><\/summary><div class=\"wp-block-themeisle-blocks-accordion-item__content\">\n<p>70. \u00c1nima: Reencontremonos con nuestros suelos. Un juego de mesa sobre contaminaci\u00f3n de suelos en Chile. <strong>Caleb Yunis Lizana<\/strong><\/p>\n\n\n\n<p>71. Antes que desaparezcan: la sal y la vida de los salares. <strong>Cristina Dorador Ortiz<\/strong><\/p>\n\n\n\n<p>72. Biodiversidad Marina. <strong>Gladys Hayashida Soiza, Sebasti\u00e1n Gallardo D\u00edaz y Felipe B\u00f3rquez Silva<\/strong><\/p>\n\n\n\n<p>73. Cambiando h\u00e1bitos para un envejecimiento activo: Proyecto de intervenci\u00f3n comunitaria con personas mayores del club Nacimiento de Prisma La Serena, 2023. <strong>Camila Leiva Morgado, Carla Garc\u00eda y Natalia Palacios&nbsp;<\/strong><\/p>\n\n\n\n<p>74. Con la nutrici\u00f3n voy creciendo: Proyecto de intervenci\u00f3n comunitaria para escolares de 3\u00ba b\u00e1sico del Colegio Rukalaf de La Serena, 2023. <strong>Isadora Mercado, Esperanza P\u00e9rez, Nohemy Fredes y Michelle Bauer Valdivia<\/strong><\/p>\n\n\n\n<p>75. Crezcamos sanos y sanas: Proyecto de intervenci\u00f3n comunitaria para escolares de 2\u00ba b\u00e1sico del Colegio Rukalaf de La Serena, 2023. <strong>Vanessa Gonz\u00e1lez, Francisca Legu\u00e1, Catalina Zepeda y Michelle Bauer Valdivia<\/strong><\/p>\n\n\n\n<p>76. Gabinete de maravillas autoportable con r\u00e9plicas cient\u00edficas y bot\u00e1nicas 3D: la agencia propia del objeto museogr\u00e1fico y cient\u00edfico. <em>Carolina Ibarra Castro<\/em><\/p>\n\n\n\n<p>77. La primera riqueza es la salud: Proyecto de intervenci\u00f3n comunitaria para escolares de 8\u00ba b\u00e1sico del Colegio Rukalaf de La Serena, 2023. <strong>Constanza Mart\u00ednez Astorga, Francisca Valencia, Kathya Saavedra y Michelle Bauer Valdivia<\/strong><\/p>\n\n\n\n<p>78. Memorias del paisaje. Relatos y ensamblajes en torno a los humedales. <strong>Katherine Barriga Placencia, Karen Vera Silva y Paulina Ibieta Illanes<\/strong><\/p>\n\n\n\n<p>79. NUTRIMENTE: Proyecto de intervenci\u00f3n comunitaria para escolares de 6\u00ba b\u00e1sico de Escuela San Rafael de Pan de Az\u00facar, 2023. <strong>Ana\u00eds Lorca Miranda, Corina Roca, Yazmin Urtubia y Fernanda Contreras<\/strong><\/p>\n\n\n\n<p>80. NUTRIRUMBO: Proyecto de intervenci\u00f3n comunitaria para personas adultas que entrenan en el Centro deportivo Vive Full La Serena, 2023. <strong>Paloma Venegas Flores, Victor Manque, Francisco Chand\u00eda y Gabriela G\u00e1rate<\/strong><\/p>\n\n\n\n<p>81. SOF+IA dise\u00f1ando una chatbot feminista para casos de violencia digital. <strong>Daniela Moyano D\u00e1vila y Patricia Pe\u00f1a<\/strong>.<\/p>\n<\/div><\/details>\n<\/div>\n\n\n\n<div id=\"wp-block-themeisle-blocks-accordion-aa18638b\" class=\"wp-block-themeisle-blocks-accordion exclusive\">\n<details class=\"wp-block-themeisle-blocks-accordion-item\"><summary class=\"wp-block-themeisle-blocks-accordion-item__title\"><div>\ud83d\udd34 <strong>TERTULIAS TEM\u00c1TICAS<\/strong><\/div><\/summary><div class=\"wp-block-themeisle-blocks-accordion-item__content\">\n<p>82. \u00bfC\u00f3mo estudiar los desaf\u00edos ingenieriles de adaptaci\u00f3n a la crisis clim\u00e1tica? Experiencias interdisciplinarias para nuevas pr\u00e1cticas de investigaci\u00f3n.<strong> Paula Gonz\u00e1lez, Francisco Salinas, Jes\u00fas Santorcuato, Yarenla Urquieta y Sebasti\u00e1n Rivas<\/strong><\/p>\n\n\n\n<p>83. Generar conocimiento que llegue a la sociedad, un desaf\u00edo para las Instituciones de Educaci\u00f3n Superior. <strong>Javier \u00c1lvarez, Felipe Guevara P., Felipe Jara S. y Claudia Hern\u00e1ndez<\/strong><\/p>\n\n\n\n<p>84. Giro Ontol\u00f3gico y el Impacto en las Formas de Preguntarnos. <strong>Claudia Matus, Valentina Riberi, Patricia Pe\u00f1a y Andrea Vera Gajardo<\/strong><strong><\/strong><\/p>\n\n\n\n<p>85. Humanidades digitales y Patrimonio desde la mirada docente: desaf\u00edos de investigaci\u00f3n y formaci\u00f3n en la educaci\u00f3n superior desde la ling\u00fc\u00edstica y la literatura. <strong>M\u00f3nica Tabilo Berr\u00edos, Fredy N\u00fa\u00f1ez, Gloria Toledo y Luciana Pissolato<\/strong><\/p>\n\n\n\n<p>86. Institucionalidades reguladoras convergentes de la comunicaci\u00f3n como innovaci\u00f3n institucional para el desarrollo tecnol\u00f3gico.<strong> Chiara S\u00e1ez, Javier Garcia y Patricia Pe\u00f1a<\/strong><\/p>\n\n\n\n<p>87. Investigaci\u00f3n en Educaci\u00f3n con perspectiva CTS. <strong>Luis Venegas Ramos y Juan Pablo Gajardo<\/strong><\/p>\n\n\n\n<p>88. Metodolog\u00edas para una discusi\u00f3n socioecol\u00f3gica sobre representaciones de monta\u00f1as, agua y bosques. <strong>Consuelo Biskupovic, Jorgelina Sannazzaro y Carla Marchant<\/strong><\/p>\n\n\n\n<p>89. N\u00facleo de transferencia a la innovaci\u00f3n con humanidades y arte. <strong>Carolina Ibarra y colaboradores<\/strong><\/p>\n\n\n\n<p>90. Pol\u00edtica basada en evidencia o evidencia basada en pol\u00edtica?: conocimiento t\u00e9cnico, pr\u00e1ctica judicial y activismo social. <strong>Lorena Valderrama, B\u00e1rbara Porter, Jessica Castillo y Constanza de Torres Recabarren<\/strong><\/p>\n\n\n\n<p>91. Repensando el trabajo cient\u00edfico frente a la crisis clim\u00e1tica. <strong>Maite Salazar, Javiera Barandiaran, Camila Torralba y Sebasti\u00e1n Ureta<\/strong><\/p>\n\n\n\n<p>92. Sedimentos, flujos y fugas de los Estudios Sociales de la Salud. <strong>Marcela Apablaza, Jimena Carrasco, Arthur Leal Ferreira, Jorge Castillo Sep\u00falveda, Diego Gilabert, Sebasti\u00e1n Rojas Navarro, Nicol\u00e1s Sch\u00f6ngut, Nairbis Sibrian y Fernando Valenzuela<\/strong><\/p>\n\n\n\n<p>93. Tecnolog\u00eda, Estado, pol\u00edtica y democracia. <strong>Carolina Rojas Lasch, Rodrigo Cabrera, Luis Guti\u00e9rrez, Daniel Brzovic y Helder Binimelis Espinoza<\/strong><\/p>\n\n\n\n<p>99. De abismos y anfibios (o anfibios abismales). <strong>Cecilia Ibarra, Jorge D\u00edaz, Sara Granados y Gloria Baigorrotegui.<\/strong><\/p>\n<\/div><\/details>\n<\/div>\n\n\n\n<p><\/p>\n","protected":false},"excerpt":{"rendered":"<p>A continuaci\u00f3n, se listan las diversas propuestas de participaci\u00f3n que han sido aceptadas para el XI Encuentro CTS-2024. Se encuentran organizados en el siguiente orden: Ponencias, Salones Sensoriales y Tertulias Tem\u00e1ticas.<\/p>\n","protected":false},"author":2,"featured_media":0,"parent":0,"menu_order":0,"comment_status":"closed","ping_status":"closed","template":"","meta":{"_themeisle_gutenberg_block_has_review":false,"footnotes":""},"class_list":["post-1405","page","type-page","status-publish","hentry"],"jetpack_sharing_enabled":true,"_links":{"self":[{"href":"https:\/\/cts-chile.cl\/xiencuentro\/wp-json\/wp\/v2\/pages\/1405","targetHints":{"allow":["GET"]}}],"collection":[{"href":"https:\/\/cts-chile.cl\/xiencuentro\/wp-json\/wp\/v2\/pages"}],"about":[{"href":"https:\/\/cts-chile.cl\/xiencuentro\/wp-json\/wp\/v2\/types\/page"}],"author":[{"embeddable":true,"href":"https:\/\/cts-chile.cl\/xiencuentro\/wp-json\/wp\/v2\/users\/2"}],"replies":[{"embeddable":true,"href":"https:\/\/cts-chile.cl\/xiencuentro\/wp-json\/wp\/v2\/comments?post=1405"}],"version-history":[{"count":7,"href":"https:\/\/cts-chile.cl\/xiencuentro\/wp-json\/wp\/v2\/pages\/1405\/revisions"}],"predecessor-version":[{"id":1572,"href":"https:\/\/cts-chile.cl\/xiencuentro\/wp-json\/wp\/v2\/pages\/1405\/revisions\/1572"}],"wp:attachment":[{"href":"https:\/\/cts-chile.cl\/xiencuentro\/wp-json\/wp\/v2\/media?parent=1405"}],"curies":[{"name":"wp","href":"https:\/\/api.w.org\/{rel}","templated":true}]}}