{"id":1285,"date":"2023-09-25T10:23:55","date_gmt":"2023-09-25T14:23:55","guid":{"rendered":"https:\/\/cts-chile.cl\/xiencuentro\/?page_id=1285"},"modified":"2023-12-16T00:58:31","modified_gmt":"2023-12-16T04:58:31","slug":"equipo-organizador","status":"publish","type":"page","link":"https:\/\/cts-chile.cl\/xiencuentro\/equipo-organizador\/","title":{"rendered":"Equipo organizador"},"content":{"rendered":"\n<div id=\"wp-block-themeisle-blocks-advanced-columns-1baf0bc6\" class=\"wp-block-themeisle-blocks-advanced-columns has-1-columns has-desktop-equal-layout has-tablet-equal-layout has-mobile-equal-layout has-vertical-unset\"><div class=\"wp-block-themeisle-blocks-advanced-columns-overlay\"><\/div><div class=\"innerblocks-wrap\">\n<div id=\"wp-block-themeisle-blocks-advanced-column-6de2b192\" class=\"wp-block-themeisle-blocks-advanced-column\"><\/div>\n<\/div><\/div>\n\n\n\n<div id=\"wp-block-themeisle-blocks-accordion-18c8241f\" class=\"wp-block-themeisle-blocks-accordion exclusive\">\n<details class=\"wp-block-themeisle-blocks-accordion-item\"><summary class=\"wp-block-themeisle-blocks-accordion-item__title\"><div><img loading=\"lazy\" decoding=\"async\" width=\"150\" height=\"150\" class=\"wp-image-1298\" style=\"width: 150px;\" src=\"https:\/\/i0.wp.com\/cts-chile.cl\/xiencuentro\/wp-content\/uploads\/2023\/09\/Beige-Simple-Photo-Signature-Twitter-Profile-Picture-6.png?resize=150%2C150&#038;ssl=1\" alt=\"\" srcset=\"https:\/\/i0.wp.com\/cts-chile.cl\/xiencuentro\/wp-content\/uploads\/2023\/09\/Beige-Simple-Photo-Signature-Twitter-Profile-Picture-6.png?w=400&amp;ssl=1 400w, https:\/\/i0.wp.com\/cts-chile.cl\/xiencuentro\/wp-content\/uploads\/2023\/09\/Beige-Simple-Photo-Signature-Twitter-Profile-Picture-6.png?resize=300%2C300&amp;ssl=1 300w, https:\/\/i0.wp.com\/cts-chile.cl\/xiencuentro\/wp-content\/uploads\/2023\/09\/Beige-Simple-Photo-Signature-Twitter-Profile-Picture-6.png?resize=150%2C150&amp;ssl=1 150w\" sizes=\"auto, (max-width: 150px) 100vw, 150px\" data-recalc-dims=\"1\" \/><br><strong>Martin Perez Comisso (<a href=\"mailto:martin@uchile.cl\">martin@uchile.cl<\/a> \/\/ @mapc en twitter)<br><\/strong>Qu\u00edmico (U. de Chile). Doctor. en Dimensiones Humanas y Sociales de las Ciencias y la Tecnolog\u00eda (Arizona State University).<br>Coordinador General del XI Encuentro de la Red CTS-Chile\/Guaripola oscilante<\/div><\/summary><div class=\"wp-block-themeisle-blocks-accordion-item__content\">\n<p>En la actualidad, Mart\u00edn se desempe\u00f1a como Coordinador de Proyectos Inter y Transdisciplinares, en la Facultad de Ciencias Qu\u00edmicas y Farmac\u00e9uticas de la Universidad de Chile. Mart\u00edn ha hecho clases de temas CTS desde 2011 y ha guiado tesis en temas STS en reiteradas oportunidades. Adem\u00e1s, Mart\u00edn es un miembro activo de la Red CTS-Chile y participa regularmente en la 4S &#8211; conferencia de CTS m\u00e1s grande de Estados Unidos. Sus temas de investigaci\u00f3n son conocimientos anticipatorios, sistemas sociot\u00e9cnicos y gobernanza del conocimiento.<\/p>\n\n\n\n<p>\u201cLa Red CTS-Chile es un espacio diverso y fascinante, donde siempre aprendo cosas nuevas e interesantes\u201d<\/p>\n\n\n\n<p>\u201cMe caen bien los ping\u00fcinos\u201d<\/p>\n<\/div><\/details>\n\n\n\n<details class=\"wp-block-themeisle-blocks-accordion-item\"><summary class=\"wp-block-themeisle-blocks-accordion-item__title\"><div><img loading=\"lazy\" decoding=\"async\" width=\"150\" height=\"150\" class=\"wp-image-1302\" style=\"width: 150px;\" src=\"https:\/\/i0.wp.com\/cts-chile.cl\/xiencuentro\/wp-content\/uploads\/2023\/09\/Beige-Simple-Photo-Signature-Twitter-Profile-Picture-8.png?resize=150%2C150&#038;ssl=1\" alt=\"\" srcset=\"https:\/\/i0.wp.com\/cts-chile.cl\/xiencuentro\/wp-content\/uploads\/2023\/09\/Beige-Simple-Photo-Signature-Twitter-Profile-Picture-8.png?w=400&amp;ssl=1 400w, https:\/\/i0.wp.com\/cts-chile.cl\/xiencuentro\/wp-content\/uploads\/2023\/09\/Beige-Simple-Photo-Signature-Twitter-Profile-Picture-8.png?resize=300%2C300&amp;ssl=1 300w, https:\/\/i0.wp.com\/cts-chile.cl\/xiencuentro\/wp-content\/uploads\/2023\/09\/Beige-Simple-Photo-Signature-Twitter-Profile-Picture-8.png?resize=150%2C150&amp;ssl=1 150w\" sizes=\"auto, (max-width: 150px) 100vw, 150px\" data-recalc-dims=\"1\" \/><br><strong>Natalia Orrego Tapia (naorrego@uc.cl \/\/ @natalia.orregot en Twitter)<\/strong><br>Antrop\u00f3loga. Pontificia Universidad Cat\u00f3lica de Chile<br>Encargada Programa de Mentor\u00edas<\/div><\/summary><div class=\"wp-block-themeisle-blocks-accordion-item__content\">\n<p>Natalia es miembro fundadora de la Red Latinoamericana de Antropolog\u00eda Digital, donde actualmente organiza charlas tem\u00e1ticas con un alcance regional. Sus temas de investigaci\u00f3n son infraestructuras digitales, tecnolog\u00edas m\u00f3viles y gobernanza de telecomunicaciones. Natalia lider\u00f3 los I y II Encuentros Latinoamericanos de Antropolog\u00eda Digital, el segundo financiado con un fondo de la Wenner Gren Foundation for Anthropological Research. Natalia recibi\u00f3 recientemente el Carole H. Browner Latin American Studies Fellowship Fund for Travel de la American Anthropological Association, un reconocimiento otorgado&nbsp; a estudiantes de Latinoam\u00e9rica por sus aportes a la innovaci\u00f3n disciplinar en Antropolog\u00eda.&nbsp;<\/p>\n\n\n\n<p>\u201cLos estudios CTS dan herramientas claves para entender las infraestructuras y tecnolog\u00edas de telecomunicaciones, tanto en lo te\u00f3rico como en lo metodol\u00f3gico. Igualmente, me interesan por su impronta interdisciplinaria, que de manera activa genera puentes con la antropolog\u00eda y otras disciplinas investigando lo digital, la tecnolog\u00eda y la comunicaci\u00f3n. Para mi la Red CTS-Chile es una comunidad para aprender, pero sobre todo para construir conversaciones sobre los temas que me apasionan\u201d<\/p>\n\n\n\n<p>\u201cTengo una gatita que se llama Mar\u00eda Papitas\u2665\ufe0f Sus actividades favoritas son dormir y morderme, mientras que la m\u00eda es hacerle cari\u00f1o en la guata\u201d<\/p>\n<\/div><\/details>\n\n\n\n<details class=\"wp-block-themeisle-blocks-accordion-item\"><summary class=\"wp-block-themeisle-blocks-accordion-item__title\"><div><img loading=\"lazy\" decoding=\"async\" width=\"150\" height=\"150\" class=\"wp-image-1304\" style=\"width: 150px;\" src=\"https:\/\/i0.wp.com\/cts-chile.cl\/xiencuentro\/wp-content\/uploads\/2023\/09\/Beige-Simple-Photo-Signature-Twitter-Profile-Picture-9.png?resize=150%2C150&#038;ssl=1\" alt=\"\" srcset=\"https:\/\/i0.wp.com\/cts-chile.cl\/xiencuentro\/wp-content\/uploads\/2023\/09\/Beige-Simple-Photo-Signature-Twitter-Profile-Picture-9.png?w=400&amp;ssl=1 400w, https:\/\/i0.wp.com\/cts-chile.cl\/xiencuentro\/wp-content\/uploads\/2023\/09\/Beige-Simple-Photo-Signature-Twitter-Profile-Picture-9.png?resize=300%2C300&amp;ssl=1 300w, https:\/\/i0.wp.com\/cts-chile.cl\/xiencuentro\/wp-content\/uploads\/2023\/09\/Beige-Simple-Photo-Signature-Twitter-Profile-Picture-9.png?resize=150%2C150&amp;ssl=1 150w\" sizes=\"auto, (max-width: 150px) 100vw, 150px\" data-recalc-dims=\"1\" \/><br><strong>Nico Larrondo (<a href=\"mailto:nilarron@uc.cl\">nilarron@uc.cl<\/a> \/\/ @misaito en Twitter)<br><\/strong>Historiadora. Coordinadora del Laboratorio de Historia Digital en la Pontificia Universidad Cat\u00f3lica de Chile y candidata a Doctora en Estudios Culturales en The University of Texas at Austin.<br>Encargada de difusi\u00f3n y RRSS<\/div><\/summary><div class=\"wp-block-themeisle-blocks-accordion-item__content\">\n<p>Nico es Licenciada en Artes e Historia (PUC) y Master en Humanidades P\u00fablicas (Brown University).&nbsp;<\/p>\n\n\n\n<p>Su investigaci\u00f3n se ubica en el cruce entre historia, cultura y humanidades digitales. Sus temas incluyen historia digital, anal\u00edtica cultural, historia p\u00fablica, Chile siglo XX, ciudad y ciudadan\u00eda, memoria, clases medias y producci\u00f3n cultural. Actualmente, Nico es la encargada del primer laboratorio de humanidades digitales de Chile, en la Facultad de Historia de la Pontificia Universidad Cat\u00f3lica de Chile.<\/p>\n\n\n\n<p>\u201cCTS y su red es un espacio para personas que necesitamos de la interdisciplina para poder responder las dudas que nos inquietan y los temas que intentamos responder a diario, en nuestro trabajo acad\u00e9mico y nuestro cotidiano. A su vez, es un espacio lo suficientemente flexible para la experimentaci\u00f3n y el uso de formatos poco explorados en la academia m\u00e1s tradicional. La validaci\u00f3n de la experimentaci\u00f3n es imprescindible para la creaci\u00f3n y difusi\u00f3n del conocimiento, pero suele dejarse de lado en el campo de las humanidades y es algo que extra\u00f1aba mucho hacer\u201d<\/p>\n\n\n\n<p>\u201cTengo dos gatos tatitas que me acompa\u00f1an hace m\u00e1s de 16 a\u00f1os\u201d<\/p>\n<\/div><\/details>\n\n\n\n<details class=\"wp-block-themeisle-blocks-accordion-item\"><summary class=\"wp-block-themeisle-blocks-accordion-item__title\"><div><img loading=\"lazy\" decoding=\"async\" width=\"150\" height=\"150\" class=\"wp-image-1305\" style=\"width: 150px;\" src=\"https:\/\/i0.wp.com\/cts-chile.cl\/xiencuentro\/wp-content\/uploads\/2023\/09\/Beige-Simple-Photo-Signature-Twitter-Profile-Picture-10.png?resize=150%2C150&#038;ssl=1\" alt=\"\" srcset=\"https:\/\/i0.wp.com\/cts-chile.cl\/xiencuentro\/wp-content\/uploads\/2023\/09\/Beige-Simple-Photo-Signature-Twitter-Profile-Picture-10.png?w=400&amp;ssl=1 400w, https:\/\/i0.wp.com\/cts-chile.cl\/xiencuentro\/wp-content\/uploads\/2023\/09\/Beige-Simple-Photo-Signature-Twitter-Profile-Picture-10.png?resize=300%2C300&amp;ssl=1 300w, https:\/\/i0.wp.com\/cts-chile.cl\/xiencuentro\/wp-content\/uploads\/2023\/09\/Beige-Simple-Photo-Signature-Twitter-Profile-Picture-10.png?resize=150%2C150&amp;ssl=1 150w\" sizes=\"auto, (max-width: 150px) 100vw, 150px\" data-recalc-dims=\"1\" \/><br><strong>Patricia Pe\u00f1a (<a href=\"https:\/\/t.me\/patana\">@patana<\/a>@<a href=\"https:\/\/lile.cl\">lile.cl<\/a> en mastodon)<br><\/strong>Acad\u00e9mica Facultad de Comunicaci\u00f3n e Imagen, Universidad de Chile<\/div><\/summary><div class=\"wp-block-themeisle-blocks-accordion-item__content\">\n<p>Patricia es periodista, licenciada en Comunicaci\u00f3n Social (UDP), Mag\u00edster en Comunicaci\u00f3n (UDP), MsC en New Media, Information and Society, por The London School of Economics and Political Science. Actualmente se desempe\u00f1a como acad\u00e9mica e investigadora de la Facultad de Comunicaci\u00f3n e Imagen de la Universidad de Chile. Patricia ha participado y liderado instancias tanto dentro como fuera de la academia. Ha sido investigadora y docente (UFRO, FLACSO), y docente en los programas de Mag\u00edster de Estudios de G\u00e9nero y Cultura (Universidad de Chile) y Mag\u00edster de Comunicaci\u00f3n, menci\u00f3n Educaci\u00f3n (PUC).&nbsp; Patricia es integrante de la Red TierraCom\u00fan.net de Justicia y Descolonialismo de Datos, de la Red Latinoamerica Feminista de Inteligencia Artificial f&lt;A+I&gt;R, Presidenta de Internet Society Cap\u00edtulo Chile y Directora de la Fundaci\u00f3n Datos Protegidos.<\/p>\n\n\n\n<p>Patricia centra su itrabajo en el cruce entre comunicaci\u00f3n, tecnolog\u00edas digitales y g\u00e9nero. Ha investigado activismos feministas (ciber\/tecno feminismo); uso y apropiaci\u00f3n social de tecnolog\u00edas; inclusi\u00f3n digital y brechas digitales; pol\u00edticas p\u00fablicas en materia de telecomunicaciones y tecnolog\u00edas digitales; controversias sobre libertad de expresi\u00f3n y derecho a la comunicaci\u00f3n; protecci\u00f3n de datos personales y derecho a la comunicaci\u00f3n en plataformas digitales.<\/p>\n\n\n\n<p>\u201cMe interesa CTS porque es un campo generoso y abundante en su interdisciplina. Desde las comunicaciones llegu\u00e9 a los estudios sociales de las tecnolog\u00edas, buscando nodos de conexi\u00f3n entre estos campos. Tambi\u00e9n logr\u00e9 profundizar en las reflexiones y propuestas desde los estudios feministas de las tecnolog\u00edas. La Red CTS-Chile me ha permitido encontrar un espacio para compartir mis reflexiones y proyectos de investigaci\u00f3n, activismo y acci\u00f3n, y una comunidad inter\/transdisciplinaria desde la que aprendo y conecto con otros saberes y conocimientos situados\u201d<\/p>\n\n\n\n<p>\u201cFui parte de la radio comunitaria\/ feminista Radio Tierra entre 2005 y 2012, con un programa \u00abConexi\u00f3n Social\u00bb donde abordamos tempranamente temas de soberan\u00eda tecnol\u00f3gica, cultura y conocimiento libre. Me gustan las narrativas sonoras (hoy podcast) para compartir conocimientos, ideas y conversaciones\u201d.<\/p>\n<\/div><\/details>\n\n\n\n<details class=\"wp-block-themeisle-blocks-accordion-item\"><summary class=\"wp-block-themeisle-blocks-accordion-item__title\"><div><img loading=\"lazy\" decoding=\"async\" width=\"150\" height=\"150\" class=\"wp-image-1332\" style=\"width: 150px;\" src=\"https:\/\/i0.wp.com\/cts-chile.cl\/xiencuentro\/wp-content\/uploads\/2023\/10\/Beige-Simple-Photo-Signature-Twitter-Profile-Picture-1.png?resize=150%2C150&#038;ssl=1\" alt=\"\" srcset=\"https:\/\/i0.wp.com\/cts-chile.cl\/xiencuentro\/wp-content\/uploads\/2023\/10\/Beige-Simple-Photo-Signature-Twitter-Profile-Picture-1.png?w=400&amp;ssl=1 400w, https:\/\/i0.wp.com\/cts-chile.cl\/xiencuentro\/wp-content\/uploads\/2023\/10\/Beige-Simple-Photo-Signature-Twitter-Profile-Picture-1.png?resize=300%2C300&amp;ssl=1 300w, https:\/\/i0.wp.com\/cts-chile.cl\/xiencuentro\/wp-content\/uploads\/2023\/10\/Beige-Simple-Photo-Signature-Twitter-Profile-Picture-1.png?resize=150%2C150&amp;ssl=1 150w\" sizes=\"auto, (max-width: 150px) 100vw, 150px\" data-recalc-dims=\"1\" \/><br><strong>Agustina Solinas (<a href=\"mailto:ambar.angel.toledo@gmail.com\">agustinasolinas@gmail.com<\/a>)<br><\/strong>Licenciada en Comunicaci\u00f3n Social | Especialista en Comunicaci\u00f3n Estat\u00e9gica<br>Equipo de Comunicaciones | Encuentro XI CTS-2024<\/div><\/summary><div class=\"wp-block-themeisle-blocks-accordion-item__content\">\n<p>Agustina es Licenciada en Comunicaci\u00f3n Social por la Universidad Nacional de Villa Mar\u00eda, en C\u00f3rdoba, Argentina. Actualmente se encuentra finalizando sus estudios de Mag\u00edster en Ciencia, Tecnolog\u00eda y Sociedad en la Universidad Alberto Hurtado (UAH) y el Diplomado en Gobernabilidad e Innovaci\u00f3n P\u00fablica que dictan la Universidad Central de Chile (UCEN) junto al Banco de Desarrollo de Am\u00e9rica Latina y el Caribe (CAF). <\/p>\n\n\n\n<p>Especialista en Comunicaci\u00f3n Estrat\u00e9gica para tecnolog\u00eda, ciencia, innovaci\u00f3n, y transferencia cient\u00edfico-tecnol\u00f3gica, cuenta con 10 a\u00f1os de experiencia profesional, trabajando en el campo de la comunicaci\u00f3n, dedic\u00e1ndose principalmente al asesoramiento de ejecutivos y empresas de tecnolog\u00eda l\u00edderes a nivel global. Durante ese per\u00edodo, ha sido parte de equipos asesores en comunicaci\u00f3n estrat\u00e9gica en Argentina, Chile y Latinoam\u00e9rica para empresas como Intel, Coca-Cola, Ericsson y Google Cloud. Actualmente, se desempe\u00f1a como PR Manager para Latinoam\u00e9rica en la empresa FirstJob.<\/p>\n<\/div><\/details>\n\n\n\n<details class=\"wp-block-themeisle-blocks-accordion-item\"><summary class=\"wp-block-themeisle-blocks-accordion-item__title\"><div><img loading=\"lazy\" decoding=\"async\" width=\"150\" height=\"150\" class=\"wp-image-1307\" style=\"width: 150px;\" src=\"https:\/\/i0.wp.com\/cts-chile.cl\/xiencuentro\/wp-content\/uploads\/2023\/09\/Beige-Simple-Photo-Signature-Twitter-Profile-Picture-12.png?resize=150%2C150&#038;ssl=1\" alt=\"\" srcset=\"https:\/\/i0.wp.com\/cts-chile.cl\/xiencuentro\/wp-content\/uploads\/2023\/09\/Beige-Simple-Photo-Signature-Twitter-Profile-Picture-12.png?w=400&amp;ssl=1 400w, https:\/\/i0.wp.com\/cts-chile.cl\/xiencuentro\/wp-content\/uploads\/2023\/09\/Beige-Simple-Photo-Signature-Twitter-Profile-Picture-12.png?resize=300%2C300&amp;ssl=1 300w, https:\/\/i0.wp.com\/cts-chile.cl\/xiencuentro\/wp-content\/uploads\/2023\/09\/Beige-Simple-Photo-Signature-Twitter-Profile-Picture-12.png?resize=150%2C150&amp;ssl=1 150w\" sizes=\"auto, (max-width: 150px) 100vw, 150px\" data-recalc-dims=\"1\" \/><br><strong>\u00c1mbar \u00c1ngel Toledo (<a href=\"mailto:ambar.angel.toledo@gmail.com\">ambar.angel.toledo@gmail.com<\/a>)<br><\/strong>Licenciada en Antropolog\u00eda Social de la Universidad de Chile<br>Secretaria General del Encuentro<\/div><\/summary><div class=\"wp-block-themeisle-blocks-accordion-item__content\">\n<p>\u00c1mbar es Licenciada en Antropolog\u00eda Social (U. de Chile), investigadora asistente e integrante del N\u00facleo de Investigaci\u00f3n \u201cEspeculatorio sobre la Tecnociencia y los Biomateriales\u201d de la Universidad de Chile. Su entrada a CTS fue mediante una investigaci\u00f2n sobre sexualidades tecnomediadas y Trabajo Sexual Virtual desde una perspectiva tecnofeminista. \u00c1mbar tambi\u00e9n ha desarrollado investigaciones desde la antropolog\u00eda m\u00e9dica, participando en investigaciones sobre el uso de tecnolog\u00edas profil\u00e1cticas en disidencias sexuales. Actualmente, trabaja en su Memoria sobre sostenimiento vital, m\u00e1quinas e im\u00e1genes en Unidades de Pacientes Cr\u00edticos.<\/p>\n\n\n\n<p>\u201cLo primero que me entusiasm\u00f3 de los estudios CTS fue su potencial de cruzar y mezclar campos disciplinares; ven\u00eda rallada con algunas cosas de la est\u00e9tica y el dise\u00f1o, pero tambi\u00e9n con teor\u00eda pol\u00edtica feminista y enfoques corporales, y necesitaba encontrar un espacio donde escaparme un poco de la antropolog\u00eda para poner a conversar oblicuamente mis intereses. Siempre digo que el campo CTS es pela cable: posibilita esos encuentros, pero tambi\u00e9n te desencuentra epistemol\u00f3gicamente con otras cosas, demandando creatividad metodol\u00f3gica y discusi\u00f3n interdisciplinar. Y creo que la Red CTS-Chile es un buen lugar para pelar cable conjuntamente.\u201d<\/p>\n\n\n\n<p>\u201cTengo un talento inigualable para delinearme los ojos.\u201d<\/p>\n<\/div><\/details>\n<\/div>\n\n\n\n<p><strong>Colaboradores<\/strong><\/p>\n\n\n\n<div id=\"wp-block-themeisle-blocks-accordion-60c413fd\" class=\"wp-block-themeisle-blocks-accordion exclusive\">\n<details class=\"wp-block-themeisle-blocks-accordion-item\"><summary class=\"wp-block-themeisle-blocks-accordion-item__title\"><div><img decoding=\"async\" style=\"width: 150px;\" src=\"https:\/\/i0.wp.com\/cts-chile.cl\/xiencuentro\/wp-content\/uploads\/2023\/09\/Beige-Simple-Photo-Signature-Twitter-Profile-Picture-7.png?ssl=1\" alt=\"\" data-recalc-dims=\"1\"><br><strong>Gonzalo Aguirre Orellana (<a href=\"mailto:gaaguirr@uc.cl\">gaaguirr@uc.cl<\/a> \/\/ @gonzalo_a93 en Twitter)<\/strong><br>Antrop\u00f3logo. Brown University<br>Coordinador comit\u00e9 cient\u00edfico<\/div><\/summary><div class=\"wp-block-themeisle-blocks-accordion-item__content\">\n<p>Gonzalo es Antrop\u00f3logo (PUC) y Mag\u00edster en Sociolog\u00eda (UAH). Actualmente cursa estudios de PhD en Antropolog\u00eda en Brown University, Providence (EEUU). Gonzalo entr\u00f3 en contacto con CTS durante su tiempo en la UAH, momento en que particip\u00f3 en proyectos sobre producci\u00f3n de conocimiento, incendios forestales y conservaci\u00f3n de la biodiversidad. Su investigaci\u00f3n actual se centra en la conservaci\u00f3n de la biodiversidad en \u00e1reas protegidas de Chile, problema que aborda desde la antropolog\u00eda ambiental y CTS.&nbsp;<br>\u201cMi inter\u00e9s en CTS naci\u00f3 porque me gusta la ciencia ficci\u00f3n. Quer\u00eda dedicarme a investigar la producci\u00f3n de futuros m\u00e1s justos y ambientalmente esperanzadores. Creo que la Red CTS-Chile es un espacio ideal para potenciar la investigaci\u00f3n nacional y para encontrar una comunidad activa de personas haciendo una gran diversidad de cosas interesantes.\u201d<br>\u201cFui a la tumba de Lovecraft, tiene 5 estrellas en google.\u201d<\/p>\n<\/div><\/details>\n\n\n\n<details class=\"wp-block-themeisle-blocks-accordion-item\"><summary class=\"wp-block-themeisle-blocks-accordion-item__title\"><div>Ricardo Hartley<\/div><\/summary><div class=\"wp-block-themeisle-blocks-accordion-item__content\">\n<p><\/p>\n<\/div><\/details>\n<\/div>\n","protected":false},"excerpt":{"rendered":"<p>Colaboradores<\/p>\n","protected":false},"author":2,"featured_media":0,"parent":0,"menu_order":0,"comment_status":"closed","ping_status":"closed","template":"","meta":{"_themeisle_gutenberg_block_has_review":false,"footnotes":""},"class_list":["post-1285","page","type-page","status-publish","hentry"],"jetpack_sharing_enabled":true,"_links":{"self":[{"href":"https:\/\/cts-chile.cl\/xiencuentro\/wp-json\/wp\/v2\/pages\/1285","targetHints":{"allow":["GET"]}}],"collection":[{"href":"https:\/\/cts-chile.cl\/xiencuentro\/wp-json\/wp\/v2\/pages"}],"about":[{"href":"https:\/\/cts-chile.cl\/xiencuentro\/wp-json\/wp\/v2\/types\/page"}],"author":[{"embeddable":true,"href":"https:\/\/cts-chile.cl\/xiencuentro\/wp-json\/wp\/v2\/users\/2"}],"replies":[{"embeddable":true,"href":"https:\/\/cts-chile.cl\/xiencuentro\/wp-json\/wp\/v2\/comments?post=1285"}],"version-history":[{"count":19,"href":"https:\/\/cts-chile.cl\/xiencuentro\/wp-json\/wp\/v2\/pages\/1285\/revisions"}],"predecessor-version":[{"id":1485,"href":"https:\/\/cts-chile.cl\/xiencuentro\/wp-json\/wp\/v2\/pages\/1285\/revisions\/1485"}],"wp:attachment":[{"href":"https:\/\/cts-chile.cl\/xiencuentro\/wp-json\/wp\/v2\/media?parent=1285"}],"curies":[{"name":"wp","href":"https:\/\/api.w.org\/{rel}","templated":true}]}}