{"id":297,"date":"2021-10-23T22:40:43","date_gmt":"2021-10-23T22:40:43","guid":{"rendered":"https:\/\/cts-chile.cl\/xencuentro\/?page_id=297"},"modified":"2023-04-24T14:08:56","modified_gmt":"2023-04-24T14:08:56","slug":"conferencistas","status":"publish","type":"page","link":"https:\/\/cts-chile.cl\/xencuentro\/conferencistas\/","title":{"rendered":"Conoce a los conferencistas"},"content":{"rendered":"\n<div class=\"wp-block-columns is-layout-flex wp-container-core-columns-is-layout-9d6595d7 wp-block-columns-is-layout-flex\">\n<div class=\"wp-block-column is-layout-flow wp-block-column-is-layout-flow\"><div class=\"wp-block-image is-style-rounded\">\n<figure class=\"aligncenter size-medium\"><img data-recalc-dims=\"1\" loading=\"lazy\" decoding=\"async\" width=\"279\" height=\"300\" src=\"https:\/\/i0.wp.com\/cts-chile.cl\/xencuentro\/wp-content\/uploads\/2023\/03\/Flavia-2022-1.jpeg?resize=279%2C300&ssl=1\" alt=\"\" class=\"wp-image-1379\" srcset=\"https:\/\/i0.wp.com\/cts-chile.cl\/xencuentro\/wp-content\/uploads\/2023\/03\/Flavia-2022-1-scaled.jpeg?resize=279%2C300&ssl=1 279w, https:\/\/i0.wp.com\/cts-chile.cl\/xencuentro\/wp-content\/uploads\/2023\/03\/Flavia-2022-1-scaled.jpeg?resize=952%2C1024&ssl=1 952w, https:\/\/i0.wp.com\/cts-chile.cl\/xencuentro\/wp-content\/uploads\/2023\/03\/Flavia-2022-1-scaled.jpeg?resize=768%2C826&ssl=1 768w, https:\/\/i0.wp.com\/cts-chile.cl\/xencuentro\/wp-content\/uploads\/2023\/03\/Flavia-2022-1-scaled.jpeg?resize=1428%2C1536&ssl=1 1428w, https:\/\/i0.wp.com\/cts-chile.cl\/xencuentro\/wp-content\/uploads\/2023\/03\/Flavia-2022-1-scaled.jpeg?resize=1904%2C2048&ssl=1 1904w, https:\/\/i0.wp.com\/cts-chile.cl\/xencuentro\/wp-content\/uploads\/2023\/03\/Flavia-2022-1-scaled.jpeg?resize=690%2C742&ssl=1 690w, https:\/\/i0.wp.com\/cts-chile.cl\/xencuentro\/wp-content\/uploads\/2023\/03\/Flavia-2022-1-scaled.jpeg?resize=1317%2C1416&ssl=1 1317w, https:\/\/i0.wp.com\/cts-chile.cl\/xencuentro\/wp-content\/uploads\/2023\/03\/Flavia-2022-1-scaled.jpeg?resize=800%2C860&ssl=1 800w, https:\/\/i0.wp.com\/cts-chile.cl\/xencuentro\/wp-content\/uploads\/2023\/03\/Flavia-2022-1-scaled.jpeg?resize=1400%2C1506&ssl=1 1400w\" sizes=\"auto, (max-width: 279px) 100vw, 279px\" \/><\/figure>\n<\/div>\n\n\n<p class=\"has-text-align-center\"><strong>\u201cReflexiones desde el Austro: Historias locales de la evoluci\u00f3n global de las interacciones Ciencia, Tecnolog\u00eda y Sociedad\u201d. <\/strong><\/p>\n\n\n\n<p class=\"has-small-font-size\"><strong>Flavia Morello Repetto<\/strong> es Arque\u00f3loga de la Universidad de Chile, Mag\u00edster y Doctora en Arqueolog\u00eda de la Universidad de Par\u00eds 1 Pante\u00f3n-Sorbona. Desde el a\u00f1o 2001 es investigadora en ciencias sociales y profesora de la Universidad de Magallanes. Actualmente, se desempe\u00f1a como directora del Instituto de la Patagonia; Investigadora Principal del Centro Internacional Cabo de Hornos; y Coordinadora Acad\u00e9mica del Mag\u00edster en Ciencias Sociales, Menci\u00f3n Patrimonio o Menci\u00f3n Intervenci\u00f3n Social, \u00a0de la misma casa de estudios. Desde noviembre del a\u00f1o 2021 se desempe\u00f1a como Consejera Nacional de Ciencia, Tecnolog\u00eda, Conocimiento e Innovaci\u00f3n para el Desarrollo.\u00a0<\/p>\n\n\n\n<p class=\"has-small-font-size\">Sus l\u00edneas de investigaci\u00f3n contemplan la arqueolog\u00eda de cazadores-recolectores de Patagonia y el archipi\u00e9lago fueguino (42\u00ba-56\u00ba Latitud Sur), y estudios diacr\u00f3nicos sobre las interacciones din\u00e1micas entre cultura, sociedad y medio ambiente. Incluye perspectivas interdisciplinarias de investigaci\u00f3n en patrimonio, tecnolog\u00eda l\u00edtica, cultura material y paleoecolog\u00eda. Estudios que combinan aplicaciones anal\u00edticas e informaci\u00f3n tecno-econ\u00f3mica, geoarqueolog\u00eda, micromorfolog\u00eda de suelos, estudios de materias primas, reconstrucciones paleoambientales, tafonom\u00eda regional, estudios gen\u00e9ticos y reconstrucci\u00f3n de la dieta (is\u00f3topos estables), entre otros.<\/p>\n\n\n\n<p class=\"has-small-font-size\">Asimismo, es parte del equipo de investigadores\/as del proyecto \u201cFortalecimiento del Nodos Macrozona Austral para la aceleraci\u00f3n del impacto territorial de Ciencia, Tecnolog\u00eda, Conocimiento e Innovaci\u00f3n\u201d, Folio CTCI210004, que ha sido adjudicado a la Universidad de Magallanes, la Universidad de Ays\u00e9n, el Instituto Ant\u00e1rtico Chileno y al Centro de Investigaci\u00f3n en Ecosistemas de la Patagonia, con el fin de fortalecer oportunidades, detectar brechas, generar colaboraci\u00f3n inter institucional y definir una hoja de ruta en este \u00e1mbito para la Macrozona Austral de Chile.<\/p>\n\n\n\n<p><\/p>\n\n\n\n<p><\/p>\n\n\n<div class=\"wp-block-image is-style-rounded\">\n<figure class=\"aligncenter size-medium\"><img data-recalc-dims=\"1\" loading=\"lazy\" decoding=\"async\" width=\"300\" height=\"235\" src=\"https:\/\/i0.wp.com\/cts-chile.cl\/xencuentro\/wp-content\/uploads\/2023\/03\/Pablo-K-2022-1.jpg?resize=300%2C235&ssl=1\" alt=\"\" class=\"wp-image-1380\" srcset=\"https:\/\/i0.wp.com\/cts-chile.cl\/xencuentro\/wp-content\/uploads\/2023\/03\/Pablo-K-2022-1-scaled.jpg?resize=300%2C235&ssl=1 300w, https:\/\/i0.wp.com\/cts-chile.cl\/xencuentro\/wp-content\/uploads\/2023\/03\/Pablo-K-2022-1-scaled.jpg?resize=1024%2C803&ssl=1 1024w, https:\/\/i0.wp.com\/cts-chile.cl\/xencuentro\/wp-content\/uploads\/2023\/03\/Pablo-K-2022-1-scaled.jpg?resize=768%2C603&ssl=1 768w, https:\/\/i0.wp.com\/cts-chile.cl\/xencuentro\/wp-content\/uploads\/2023\/03\/Pablo-K-2022-1-scaled.jpg?resize=1536%2C1205&ssl=1 1536w, https:\/\/i0.wp.com\/cts-chile.cl\/xencuentro\/wp-content\/uploads\/2023\/03\/Pablo-K-2022-1-scaled.jpg?resize=2048%2C1607&ssl=1 2048w, https:\/\/i0.wp.com\/cts-chile.cl\/xencuentro\/wp-content\/uploads\/2023\/03\/Pablo-K-2022-1-scaled.jpg?resize=690%2C541&ssl=1 690w, https:\/\/i0.wp.com\/cts-chile.cl\/xencuentro\/wp-content\/uploads\/2023\/03\/Pablo-K-2022-1-scaled.jpg?resize=1317%2C1033&ssl=1 1317w, https:\/\/i0.wp.com\/cts-chile.cl\/xencuentro\/wp-content\/uploads\/2023\/03\/Pablo-K-2022-1-scaled.jpg?resize=800%2C628&ssl=1 800w, https:\/\/i0.wp.com\/cts-chile.cl\/xencuentro\/wp-content\/uploads\/2023\/03\/Pablo-K-2022-1-scaled.jpg?resize=1400%2C1098&ssl=1 1400w\" sizes=\"auto, (max-width: 300px) 100vw, 300px\" \/><\/figure>\n<\/div>\n\n\n<p class=\"has-text-align-center\"><strong>\u00abParadojas constructivistas: CTS en Am\u00e9rica Latina, entre Centros y periferias\u201d<\/strong>.<\/p>\n\n\n\n<p class=\"has-small-font-size\"><strong>Pablo Kreimer\u00a0<\/strong>es soci\u00f3logo y doctor en \u00abCiencia, Tecnolog\u00eda y Sociedad\u00bb (Centre STS, Par\u00eds). Es Investigador Superior del Consejo Nacional de Investigaciones de Argentina (CONICET), director del Centro CTS de la Universidad Maim\u00f3nides y Profesor Titular de la Universidad Nacional de Quilmes. Est\u00e1 especializado en la sociolog\u00eda pol\u00edtica de la ciencia con un enfoque en la din\u00e1mica hist\u00f3rica de los campos cient\u00edficos, la internacionalizaci\u00f3n de la investigaci\u00f3n, las relaciones entre la producci\u00f3n y el uso de la investigaci\u00f3n cient\u00edfica y la coproducci\u00f3n de conocimiento entre los contextos centrales y perif\u00e9ricos.<\/p>\n\n\n\n<p class=\"has-small-font-size\">El Dr. Kreimer es miembro fundador y ex presidente (2014-2016) de la Asociaci\u00f3n Latinoamericana de Estudios Sociales de CyT (ESOCITE). Fue galardonado con el \u00abPremio Varsavsky\u00bb (2021) por su destacada contribuci\u00f3n al campo CTS en Am\u00e9rica Latina. Sus \u00faltimos libros son: \u00abScience & Society in Latin America. Peripheral Modernities\u00bb (Routledge, 2019); \u00abContra viento y marea emergencia y desarrollo de campos cient\u00edficos en la periferia (CLACSO, 2016)\u00bb; \u00abEl cient\u00edfico tambi\u00e9n es un ser humano\u00bb (Siglo XXI, 2010); \u00abCiencia y periferia: nacimiento, muerte y resurrecci\u00f3n de la biolog\u00eda molecular en Am\u00e9rica Latina\u00bb (EUDEBA, 2009, por el que recibi\u00f3 el \u201cPremio Nacional de Ciencia\u201d).\u00a0Entre sus art\u00edculos recientes se encuentran: \u201cTechno-scientific promises, disciplinary fields and social issues in peripheral contexts\u201d (<em>Science as Culture<\/em>, 2022);\u00a0\u201cConstructivists Paradoxes: Provincializing, Globalizing, and Localizing STS (Part 1 and 2)\u00bb (<em>Engaging STS<\/em>, 2022); \u00abChagas Disease across Contexts: Scientific knowledge in a globalized world\u201d (<em>Medical Anthropology<\/em>, 2021); \u201cInternational ties at peripheral sites: co-producing social processes and scientific knowledge in Latin America\u201d<em>\u00a0<\/em>(<em>Science as Culture<\/em>, 2019);\u00a0\u201cKnowledge Production, Mobilization and Standardization in Chile\u2019s HidroAys\u00e9n Case\u201d (<em>Minerva<\/em>, 2018); \u201cLatin American STS. A historical and reflexive approach\u201d (<em>Tapuya: Latin American STS<\/em>, 2018); \u201cAn Unrequited Love. Social Sciences and STS\u201d, (<em>Anthropologie des Connaissances<\/em>, 2017).<\/p>\n\n\n\n<p><\/p>\n\n\n\n<p><\/p>\n<\/div>\n<\/div>\n\n\n<div class=\"wp-block-image is-style-rounded\">\n<figure class=\"aligncenter size-medium is-resized\"><img data-recalc-dims=\"1\" width=\"1400\" decoding=\"async\" src=\"https:\/\/i0.wp.com\/cts-chile.cl\/xencuentro\/wp-content\/uploads\/2023\/03\/Expedicion-paleontolocica-en-cerro-Guido-Felipe-Trueba-9.jpg?fit=1400%2C250&ssl=1\" alt=\"\" class=\"wp-image-1384\" height=\"250\" srcset=\"https:\/\/i0.wp.com\/cts-chile.cl\/xencuentro\/wp-content\/uploads\/2023\/03\/Expedicion-paleontolocica-en-cerro-Guido-Felipe-Trueba-9.jpg?resize=300%2C200&ssl=1 300w, https:\/\/i0.wp.com\/cts-chile.cl\/xencuentro\/wp-content\/uploads\/2023\/03\/Expedicion-paleontolocica-en-cerro-Guido-Felipe-Trueba-9.jpg?resize=1024%2C682&ssl=1 1024w, https:\/\/i0.wp.com\/cts-chile.cl\/xencuentro\/wp-content\/uploads\/2023\/03\/Expedicion-paleontolocica-en-cerro-Guido-Felipe-Trueba-9.jpg?resize=768%2C512&ssl=1 768w, https:\/\/i0.wp.com\/cts-chile.cl\/xencuentro\/wp-content\/uploads\/2023\/03\/Expedicion-paleontolocica-en-cerro-Guido-Felipe-Trueba-9.jpg?resize=1536%2C1024&ssl=1 1536w, https:\/\/i0.wp.com\/cts-chile.cl\/xencuentro\/wp-content\/uploads\/2023\/03\/Expedicion-paleontolocica-en-cerro-Guido-Felipe-Trueba-9.jpg?resize=690%2C460&ssl=1 690w, https:\/\/i0.wp.com\/cts-chile.cl\/xencuentro\/wp-content\/uploads\/2023\/03\/Expedicion-paleontolocica-en-cerro-Guido-Felipe-Trueba-9.jpg?resize=1317%2C878&ssl=1 1317w, https:\/\/i0.wp.com\/cts-chile.cl\/xencuentro\/wp-content\/uploads\/2023\/03\/Expedicion-paleontolocica-en-cerro-Guido-Felipe-Trueba-9.jpg?resize=800%2C533&ssl=1 800w, https:\/\/i0.wp.com\/cts-chile.cl\/xencuentro\/wp-content\/uploads\/2023\/03\/Expedicion-paleontolocica-en-cerro-Guido-Felipe-Trueba-9.jpg?resize=1400%2C933&ssl=1 1400w, https:\/\/i0.wp.com\/cts-chile.cl\/xencuentro\/wp-content\/uploads\/2023\/03\/Expedicion-paleontolocica-en-cerro-Guido-Felipe-Trueba-9.jpg?w=2000&ssl=1 2000w\" sizes=\"(max-width: 300px) 100vw, 300px\" \/><\/figure>\n<\/div>\n\n\n<p class=\"has-text-align-center\"><strong>\u00abPunto de inflexi\u00f3n en la ciencia ant\u00e1rtica chilena\u00bb<\/strong>.<\/p>\n\n\n\n<p class=\"has-small-font-size\"><strong>Marcelo Leppe<\/strong> es Licenciado en Biolog\u00eda, de la Universidad de Concepci\u00f3n y Doctor en Ciencias Biol\u00f3gicas, de la misma casa de estudios superiores. Desde  2018, se desempe\u00f1a como Director Nacional del Instituto Ant\u00e1rtico Chileno (INACH). Como paleobi\u00f3logo, sus intereses de investigaci\u00f3n incluyen trabajos multidisciplinarios sobre la evoluci\u00f3n de la biota ant\u00e1rtica y patag\u00f3nica. <\/p>\n\n\n\n<p class=\"has-small-font-size\">En septiembre de 2005 se incorpora como paleont\u00f3logo al Departamento Cient\u00edfico del INACH, desarrollando variados proyectos de investigaci\u00f3n, de divulgaci\u00f3n de las ciencias y transferencia tecnol\u00f3gica. En marzo de 2012 es nombrado Jefe del Departamento Cient\u00edfico, cargo que ostentar\u00eda hasta 2016. Entre los a\u00f1os 2012 y 2020 realiz\u00f3 docencia de Postgrado en las universidades de Magallanes y de Concepci\u00f3n. <\/p>\n\n\n\n<p class=\"has-small-font-size\">En 2006, el Dr. Leppe fue representante alterno de Chile al XXIX Scientific Committee on Antarctic Research (SCAR) Delegates Meeting (17-19 July 2006, Hobart, Australia). El 2008 fue jefe de delegaci\u00f3n de Chile a la XIX Reuni\u00f3n de Administradores de Programas Ant\u00e1rticos Latinoamericanos (XIX RAPAL) en la ciudad de Buenos Aires, Rep\u00fablica Argentina, entre los d\u00edas 1 y 3 de octubre de 2008. En los a\u00f1os 2010, 2012, 2014, 2016 y 2018 ofici\u00f3 de l\u00edder de la delegaci\u00f3n chilena a los XXXI, XXXII, XXXIII, XXXIV y XXXV\u00a0<em>SCAR Delegates Meeting<\/em>\u00a0en Buenos Aires, Argentina; Portland, Oregon, USA; Auckland, Nueva Zelandia; Kuala Lumpur, Malasia; y Davos, Suiza, respectivamente. En 2014 particip\u00f3 como uno de los 6 latinoamericanos seleccionados al 1st\u00a0<em>SCAR Antarctic and Southern Ocean Science Horizon Scan<\/em>, foro internacional que analiz\u00f3 las prioridades para la ciencia ant\u00e1rtica al 2020. El evento se realiz\u00f3 en Queenstown, Nueva Zelandia, del 20 al 23 de abril de 2014.<\/p>\n\n\n\n<p class=\"has-small-font-size\">En 2015 conform\u00f3 el grupo de especialistas mundiales del\u00a0<em>Antarctic Roadmap Challenges\u00a0<\/em>(ARC) reunido en el ARC Workshop realizado en Tromso, Noruega, del 22 al 24 de agosto de 2015. El resultado fue un libro publicado en 2016. El mismo a\u00f1o 2015 fue delegado alterno al Council of Managers of Antarctic Programs (COMNAP) AGM XXVII en Tromso, Noruega.\u00a0 Entre 2011 y 2014 fue Secretario Ejecutivo del Comit\u00e9 Nacional de Investigaciones Ant\u00e1rticas-CNIA (nominado por Ministro de Relaciones Exteriores), y entre 2015-2019 presidi\u00f3 el mismo. En 2015 fue elegido secretario del\u00a0<em>Standing Group on Geosciences<\/em>\u00a0de SCAR. Desde el 2016 ha sido miembro de la delegaci\u00f3n chilena a las XXXIX, XXXX y XXXXI Antarctic Treaty Consultative Meeting \u2013 de Santiago, Chile; Beijing, China y Praga, Rep\u00fablica Checa. Durante 2019 particip\u00f3 en el Comit\u00e9 Cient\u00edfico COP 25.<\/p>\n\n\n\n<p class=\"has-small-font-size\"><\/p>\n\n\n<div class=\"wp-block-image is-style-rounded\">\n<figure class=\"aligncenter size-medium\"><img data-recalc-dims=\"1\" loading=\"lazy\" decoding=\"async\" width=\"300\" height=\"286\" src=\"https:\/\/i0.wp.com\/cts-chile.cl\/xencuentro\/wp-content\/uploads\/2023\/03\/Photo-le-15-03-2023-aE-10.35.jpg?resize=300%2C286&ssl=1\" alt=\"\" class=\"wp-image-1383\" srcset=\"https:\/\/i0.wp.com\/cts-chile.cl\/xencuentro\/wp-content\/uploads\/2023\/03\/Photo-le-15-03-2023-aE-10.35.jpg?resize=300%2C286&ssl=1 300w, https:\/\/i0.wp.com\/cts-chile.cl\/xencuentro\/wp-content\/uploads\/2023\/03\/Photo-le-15-03-2023-aE-10.35.jpg?w=691&ssl=1 691w\" sizes=\"auto, (max-width: 300px) 100vw, 300px\" \/><\/figure>\n<\/div>\n\n\n<p class=\"has-text-align-center\"><strong>\u201cTodos moriremos en tierra extranjera: el avenir.\u00a0Pensar en otro tiempo desde un otro espacio<\/strong>\u00ab.<\/p>\n\n\n\n<p class=\"has-small-font-size\"><strong>Julien Rebotier <\/strong>es doctor en geograf\u00eda del Instituto de Altos Estudios para Am\u00e9rica Latina (IHEAL \u2013 Paris III). Es investigador del CNRS a tiempo completo y miembro del laboratorio TREE (Transiciones ambientales y energ\u00e9ticas), en Bayonne (Francia). Dedica su trabajo de investigaci\u00f3n a los temas de riesgo y ambiente en la Am\u00e9rica andina (en particular en Ecuador y Venezuela) aplicando un abordaje reflexivo y epistemol\u00f3gico cr\u00edtico.<\/p>\n\n\n\n<p class=\"has-small-font-size\">Participa en proyectos sobre gesti\u00f3n de riesgos y problem\u00e1ticas de desarrollo en Am\u00e9rica latina en el marco de una geograf\u00eda social y pol\u00edtica de los riesgos y del medioambiente. Tiene experiencia en Ecuador y Venezuela, as\u00ed como en la Am\u00e9rica andina y algunos casos y terrenos en Francia. Tambi\u00e9n est\u00e1 atento a enfoques cr\u00edticos y al \u00e1rea de los estudios urbanos.<\/p>\n\n\n\n<p class=\"has-small-font-size\">Fundamentalmente, intenta investigar temas relacionados con el medioambiente y su gesti\u00f3n (como los riesgos) planteando que son problemas sociales, pol\u00edticos, institucionales ya existentes; mediatizados, consolidados y reactivados por temas ambientales. La gesti\u00f3n del riesgo, o del territorio en base a temas ambientales responde m\u00e1s a situaciones y tensiones sociales y pol\u00edticas que a las problem\u00e1ticas ambientales identificadas. En ese sentido, se involucra en estudios de ecolog\u00eda pol\u00edtica que ponen al centro de los estudios de riesgos los temas de desigualdad, asimetr\u00edas de poder y condiciones de explotaci\u00f3n. Cabe destacar que, actualmente, el Dr. Rebotier es parte del equipo de investigaci\u00f3n del Proyecto Fondecyt Regular N\u00ba 1220219 \/ Proyecto ECOS SUD N\u00ba C19H01.<\/p>\n\n\n\n<div class=\"wp-block-columns is-layout-flex wp-container-core-columns-is-layout-9d6595d7 wp-block-columns-is-layout-flex\">\n<div class=\"wp-block-column is-layout-flow wp-block-column-is-layout-flow\">\n<p><\/p>\n<\/div>\n\n\n\n<div class=\"wp-block-column is-layout-flow wp-block-column-is-layout-flow\">\n<p><\/p>\n<\/div>\n<\/div>\n\n\n\n<div class=\"wp-block-columns is-layout-flex wp-container-core-columns-is-layout-9d6595d7 wp-block-columns-is-layout-flex\">\n<div class=\"wp-block-column is-layout-flow wp-block-column-is-layout-flow\">\n<p><\/p>\n<\/div>\n\n\n\n<div class=\"wp-block-column is-layout-flow wp-block-column-is-layout-flow\">\n<p><\/p>\n<\/div>\n<\/div>\n\n\n\n<div class=\"wp-block-columns is-layout-flex wp-container-core-columns-is-layout-9d6595d7 wp-block-columns-is-layout-flex\">\n<div class=\"wp-block-column is-layout-flow wp-block-column-is-layout-flow\">\n<p><\/p>\n<\/div>\n<\/div>\n\n\n\n<figure class=\"wp-block-image size-full\"><img data-recalc-dims=\"1\" loading=\"lazy\" decoding=\"async\" width=\"674\" height=\"404\" src=\"https:\/\/i0.wp.com\/cts-chile.cl\/xencuentro\/wp-content\/uploads\/2023\/04\/logos-cts.png?resize=674%2C404&ssl=1\" alt=\"\" class=\"wp-image-1687\" srcset=\"https:\/\/i0.wp.com\/cts-chile.cl\/xencuentro\/wp-content\/uploads\/2023\/04\/logos-cts.png?w=674&ssl=1 674w, https:\/\/i0.wp.com\/cts-chile.cl\/xencuentro\/wp-content\/uploads\/2023\/04\/logos-cts.png?resize=300%2C180&ssl=1 300w\" sizes=\"auto, (max-width: 674px) 100vw, 674px\" \/><\/figure>\n","protected":false},"excerpt":{"rendered":"<p>\u201cReflexiones desde el Austro: Historias locales de la evoluci\u00f3n global de las interacciones Ciencia, Tecnolog\u00eda y Sociedad\u201d. Flavia Morello Repetto es Arque\u00f3loga de la Universidad de Chile, Mag\u00edster y Doctora en Arqueolog\u00eda de la Universidad de Par\u00eds 1 Pante\u00f3n-Sorbona. Desde el a\u00f1o 2001 es investigadora en ciencias sociales y profesora de la Universidad de Magallanes.&hellip;<\/p>\n<a class=\"read-more-link\" href=\" https:\/\/cts-chile.cl\/xencuentro\/conferencistas\/ \">Read More<\/a>","protected":false},"author":2,"featured_media":0,"parent":0,"menu_order":0,"comment_status":"closed","ping_status":"closed","template":"","meta":{"footnotes":""},"class_list":["post-297","page","type-page","status-publish","hentry","col-md-4 col-sm-6"],"jetpack_sharing_enabled":true,"_links":{"self":[{"href":"https:\/\/cts-chile.cl\/xencuentro\/wp-json\/wp\/v2\/pages\/297","targetHints":{"allow":["GET"]}}],"collection":[{"href":"https:\/\/cts-chile.cl\/xencuentro\/wp-json\/wp\/v2\/pages"}],"about":[{"href":"https:\/\/cts-chile.cl\/xencuentro\/wp-json\/wp\/v2\/types\/page"}],"author":[{"embeddable":true,"href":"https:\/\/cts-chile.cl\/xencuentro\/wp-json\/wp\/v2\/users\/2"}],"replies":[{"embeddable":true,"href":"https:\/\/cts-chile.cl\/xencuentro\/wp-json\/wp\/v2\/comments?post=297"}],"version-history":[{"count":21,"href":"https:\/\/cts-chile.cl\/xencuentro\/wp-json\/wp\/v2\/pages\/297\/revisions"}],"predecessor-version":[{"id":1696,"href":"https:\/\/cts-chile.cl\/xencuentro\/wp-json\/wp\/v2\/pages\/297\/revisions\/1696"}],"wp:attachment":[{"href":"https:\/\/cts-chile.cl\/xencuentro\/wp-json\/wp\/v2\/media?parent=297"}],"curies":[{"name":"wp","href":"https:\/\/api.w.org\/{rel}","templated":true}]}}