{"id":120,"date":"2022-10-31T10:35:00","date_gmt":"2022-10-31T10:35:00","guid":{"rendered":"http:\/\/demos2.themeskingdom.com\/ippo3\/?page_id=120"},"modified":"2023-04-24T14:11:26","modified_gmt":"2023-04-24T14:11:26","slug":"contacto","status":"publish","type":"page","link":"https:\/\/cts-chile.cl\/xencuentro\/contacto\/","title":{"rendered":"Cont\u00e1ctanos"},"content":{"rendered":"\n<div class=\"wp-block-jetpack-map is-style-black_and_white\" data-map-id=\"jp-map-1\" data-map-provider=\"mapbox\" data-api-key=\"pk.eyJ1IjoiamNhc3RpbGxvcyIsImEiOiJja3Y1eHFsMXY5NXQ3MnZuenZlMnNvNml2In0.PkGU647CA4Qk20gnPmvGlw\" data-map-style=\"black_and_white\"><ul><li><a href=\"https:\/\/www.google.com\/maps\/search\/?api=1&query=-53.162941,-70.907445\">Instituto Ant\u00e1rtico Chileno<\/a><\/li><\/ul><\/div>\n\n\n\n<div class=\"wp-block-columns is-layout-flex wp-container-core-columns-is-layout-9d6595d7 wp-block-columns-is-layout-flex\">\n<div class=\"wp-block-column is-layout-flow wp-block-column-is-layout-flow\">\n<p><strong>El\u00edas Andr\u00e9s Barticevic C.<\/strong><\/p>\n\n\n\n<p>Presidente del Comit\u00e9 Organizador<\/p>\n\n\n\n<p>Instituto Ant\u00e1rtico Chileno<strong> <\/strong><\/p>\n\n\n\n<p>Plaza Mu\u00f1oz Gamero 1155, Punta Arenas, Chile<\/p>\n\n\n\n<p>Fono +5661 2298141 \/ 61 2298100<\/p>\n\n\n\n<p><\/p>\n\n\n\n<p><\/p>\n<\/div>\n\n\n\n<div class=\"wp-block-column is-layout-flow wp-block-column-is-layout-flow\">\n<p class=\"has-text-align-center\">Correo electr\u00f3nico: <a href=\"mailto:ctsaustral@gmail.com\">ctsaustral@gmail.com<\/a><br><a href=\"http:\/\/www.cts-chile.cl\">www.cts-chile.cl<\/a><\/p>\n<\/div>\n<\/div>\n\n\n\n<figure class=\"wp-block-image size-large\"><img data-recalc-dims=\"1\" loading=\"lazy\" decoding=\"async\" width=\"1024\" height=\"682\" src=\"https:\/\/i0.wp.com\/cts-chile.cl\/xencuentro\/wp-content\/uploads\/2022\/11\/WhatsApp-Image-2022-10-31-at-10.01.58-PM.jpeg?resize=1024%2C682&ssl=1\" alt=\"\" class=\"wp-image-1137\" srcset=\"https:\/\/i0.wp.com\/cts-chile.cl\/xencuentro\/wp-content\/uploads\/2022\/11\/WhatsApp-Image-2022-10-31-at-10.01.58-PM.jpeg?resize=1024%2C682&ssl=1 1024w, https:\/\/i0.wp.com\/cts-chile.cl\/xencuentro\/wp-content\/uploads\/2022\/11\/WhatsApp-Image-2022-10-31-at-10.01.58-PM.jpeg?resize=300%2C200&ssl=1 300w, https:\/\/i0.wp.com\/cts-chile.cl\/xencuentro\/wp-content\/uploads\/2022\/11\/WhatsApp-Image-2022-10-31-at-10.01.58-PM.jpeg?resize=768%2C512&ssl=1 768w, https:\/\/i0.wp.com\/cts-chile.cl\/xencuentro\/wp-content\/uploads\/2022\/11\/WhatsApp-Image-2022-10-31-at-10.01.58-PM.jpeg?resize=1536%2C1023&ssl=1 1536w, https:\/\/i0.wp.com\/cts-chile.cl\/xencuentro\/wp-content\/uploads\/2022\/11\/WhatsApp-Image-2022-10-31-at-10.01.58-PM.jpeg?resize=690%2C460&ssl=1 690w, https:\/\/i0.wp.com\/cts-chile.cl\/xencuentro\/wp-content\/uploads\/2022\/11\/WhatsApp-Image-2022-10-31-at-10.01.58-PM.jpeg?resize=1317%2C877&ssl=1 1317w, https:\/\/i0.wp.com\/cts-chile.cl\/xencuentro\/wp-content\/uploads\/2022\/11\/WhatsApp-Image-2022-10-31-at-10.01.58-PM.jpeg?resize=800%2C533&ssl=1 800w, https:\/\/i0.wp.com\/cts-chile.cl\/xencuentro\/wp-content\/uploads\/2022\/11\/WhatsApp-Image-2022-10-31-at-10.01.58-PM.jpeg?resize=1400%2C933&ssl=1 1400w, https:\/\/i0.wp.com\/cts-chile.cl\/xencuentro\/wp-content\/uploads\/2022\/11\/WhatsApp-Image-2022-10-31-at-10.01.58-PM.jpeg?w=1600&ssl=1 1600w\" sizes=\"auto, (max-width: 1024px) 100vw, 1024px\" \/><figcaption class=\"wp-element-caption\">Direcci\u00f3n Nacional del Instituto Ant\u00e1rtico Chileno (INACH)<\/figcaption><\/figure>\n\n\n\n<figure class=\"wp-block-image size-full\"><img data-recalc-dims=\"1\" loading=\"lazy\" decoding=\"async\" width=\"674\" height=\"404\" src=\"https:\/\/i0.wp.com\/cts-chile.cl\/xencuentro\/wp-content\/uploads\/2023\/04\/logos-cts.png?resize=674%2C404&ssl=1\" alt=\"\" class=\"wp-image-1687\" srcset=\"https:\/\/i0.wp.com\/cts-chile.cl\/xencuentro\/wp-content\/uploads\/2023\/04\/logos-cts.png?w=674&ssl=1 674w, https:\/\/i0.wp.com\/cts-chile.cl\/xencuentro\/wp-content\/uploads\/2023\/04\/logos-cts.png?resize=300%2C180&ssl=1 300w\" sizes=\"auto, (max-width: 674px) 100vw, 674px\" \/><\/figure>\n","protected":false},"excerpt":{"rendered":"<p>El\u00edas Andr\u00e9s Barticevic C. Presidente del Comit\u00e9 Organizador Instituto Ant\u00e1rtico Chileno Plaza Mu\u00f1oz Gamero 1155, Punta Arenas, Chile Fono +5661 2298141 \/ 61 2298100 Correo electr\u00f3nico: ctsaustral@gmail.comwww.cts-chile.cl<\/p>\n<a class=\"read-more-link\" href=\" https:\/\/cts-chile.cl\/xencuentro\/contacto\/ \">Read More<\/a>","protected":false},"author":2,"featured_media":0,"parent":0,"menu_order":0,"comment_status":"closed","ping_status":"closed","template":"","meta":{"footnotes":""},"class_list":["post-120","page","type-page","status-publish","hentry","col-md-4 col-sm-6"],"jetpack_sharing_enabled":true,"_links":{"self":[{"href":"https:\/\/cts-chile.cl\/xencuentro\/wp-json\/wp\/v2\/pages\/120","targetHints":{"allow":["GET"]}}],"collection":[{"href":"https:\/\/cts-chile.cl\/xencuentro\/wp-json\/wp\/v2\/pages"}],"about":[{"href":"https:\/\/cts-chile.cl\/xencuentro\/wp-json\/wp\/v2\/types\/page"}],"author":[{"embeddable":true,"href":"https:\/\/cts-chile.cl\/xencuentro\/wp-json\/wp\/v2\/users\/2"}],"replies":[{"embeddable":true,"href":"https:\/\/cts-chile.cl\/xencuentro\/wp-json\/wp\/v2\/comments?post=120"}],"version-history":[{"count":13,"href":"https:\/\/cts-chile.cl\/xencuentro\/wp-json\/wp\/v2\/pages\/120\/revisions"}],"predecessor-version":[{"id":1700,"href":"https:\/\/cts-chile.cl\/xencuentro\/wp-json\/wp\/v2\/pages\/120\/revisions\/1700"}],"wp:attachment":[{"href":"https:\/\/cts-chile.cl\/xencuentro\/wp-json\/wp\/v2\/media?parent=120"}],"curies":[{"name":"wp","href":"https:\/\/api.w.org\/{rel}","templated":true}]}}