{"id":297,"date":"2021-10-23T22:40:43","date_gmt":"2021-10-23T22:40:43","guid":{"rendered":"https:\/\/cts-chile.cl\/ixencuentro\/?page_id=297"},"modified":"2021-11-23T16:44:07","modified_gmt":"2021-11-23T16:44:07","slug":"conferencistas","status":"publish","type":"page","link":"https:\/\/cts-chile.cl\/ixencuentro\/conferencistas\/","title":{"rendered":"Conferencistas"},"content":{"rendered":"\n<div class=\"wp-block-columns is-layout-flex wp-container-core-columns-is-layout-9d6595d7 wp-block-columns-is-layout-flex\">\n<div class=\"wp-block-column is-layout-flow wp-block-column-is-layout-flow\">\n<figure class=\"wp-block-image size-full\"><img data-recalc-dims=\"1\" loading=\"lazy\" decoding=\"async\" width=\"768\" height=\"894\" src=\"https:\/\/i0.wp.com\/cts-chile.cl\/ixencuentro\/wp-content\/uploads\/2021\/10\/E0JK56qWYAM5ZAP.jpg?resize=768%2C894&#038;ssl=1\" alt=\"\" class=\"wp-image-377\" srcset=\"https:\/\/i0.wp.com\/cts-chile.cl\/ixencuentro\/wp-content\/uploads\/2021\/10\/E0JK56qWYAM5ZAP.jpg?w=768&amp;ssl=1 768w, https:\/\/i0.wp.com\/cts-chile.cl\/ixencuentro\/wp-content\/uploads\/2021\/10\/E0JK56qWYAM5ZAP.jpg?resize=258%2C300&amp;ssl=1 258w, https:\/\/i0.wp.com\/cts-chile.cl\/ixencuentro\/wp-content\/uploads\/2021\/10\/E0JK56qWYAM5ZAP.jpg?resize=690%2C803&amp;ssl=1 690w\" sizes=\"auto, (max-width: 768px) 100vw, 768px\" \/><\/figure>\n<\/div>\n\n\n\n<div class=\"wp-block-column is-layout-flow wp-block-column-is-layout-flow\">\n<p><a href=\"https:\/\/people.ucsc.edu\/~kbarad\/about.html\">Karen Barad<\/a><\/p>\n\n\n\n<p><\/p>\n\n\n\n<p><\/p>\n\n\n\n<p><\/p>\n\n\n\n<p><\/p>\n\n\n\n<p><\/p>\n\n\n\n<p><\/p>\n\n\n\n<p><\/p>\n<\/div>\n\n\n\n<div class=\"wp-block-column is-layout-flow wp-block-column-is-layout-flow\">\n<p>University of California Santa Cruz<\/p>\n\n\n\n<p><\/p>\n<\/div>\n<\/div>\n\n\n\n<div class=\"wp-block-columns is-layout-flex wp-container-core-columns-is-layout-9d6595d7 wp-block-columns-is-layout-flex\">\n<div class=\"wp-block-column is-layout-flow wp-block-column-is-layout-flow\">\n<figure class=\"wp-block-image size-full is-style-default\"><img data-recalc-dims=\"1\" loading=\"lazy\" decoding=\"async\" width=\"1024\" height=\"684\" src=\"https:\/\/i0.wp.com\/cts-chile.cl\/ixencuentro\/wp-content\/uploads\/2021\/11\/Maria-Galindo_foto-Pablo-Ibanez-3-1024x684-1.jpg?resize=1024%2C684&#038;ssl=1\" alt=\"\" class=\"wp-image-936\" srcset=\"https:\/\/i0.wp.com\/cts-chile.cl\/ixencuentro\/wp-content\/uploads\/2021\/11\/Maria-Galindo_foto-Pablo-Ibanez-3-1024x684-1.jpg?w=1024&amp;ssl=1 1024w, https:\/\/i0.wp.com\/cts-chile.cl\/ixencuentro\/wp-content\/uploads\/2021\/11\/Maria-Galindo_foto-Pablo-Ibanez-3-1024x684-1.jpg?resize=300%2C200&amp;ssl=1 300w, https:\/\/i0.wp.com\/cts-chile.cl\/ixencuentro\/wp-content\/uploads\/2021\/11\/Maria-Galindo_foto-Pablo-Ibanez-3-1024x684-1.jpg?resize=768%2C513&amp;ssl=1 768w, https:\/\/i0.wp.com\/cts-chile.cl\/ixencuentro\/wp-content\/uploads\/2021\/11\/Maria-Galindo_foto-Pablo-Ibanez-3-1024x684-1.jpg?resize=690%2C461&amp;ssl=1 690w, https:\/\/i0.wp.com\/cts-chile.cl\/ixencuentro\/wp-content\/uploads\/2021\/11\/Maria-Galindo_foto-Pablo-Ibanez-3-1024x684-1.jpg?resize=800%2C534&amp;ssl=1 800w\" sizes=\"auto, (max-width: 1024px) 100vw, 1024px\" \/><\/figure>\n<\/div>\n\n\n\n<div class=\"wp-block-column is-layout-flow wp-block-column-is-layout-flow\">\n<p><a href=\"https:\/\/en.wikipedia.org\/wiki\/Mar%C3%ADa_Galindo\" target=\"_blank\" rel=\"noreferrer noopener\">Mar\u00eda Galindo<\/a><\/p>\n<\/div>\n\n\n\n<div class=\"wp-block-column is-layout-flow wp-block-column-is-layout-flow\">\n<p>Mujeres Creando<\/p>\n<\/div>\n<\/div>\n\n\n\n<div class=\"wp-block-columns is-layout-flex wp-container-core-columns-is-layout-9d6595d7 wp-block-columns-is-layout-flex\">\n<div class=\"wp-block-column is-layout-flow wp-block-column-is-layout-flow\">\n<figure class=\"wp-block-image size-full\"><img data-recalc-dims=\"1\" loading=\"lazy\" decoding=\"async\" width=\"640\" height=\"640\" src=\"https:\/\/i0.wp.com\/cts-chile.cl\/ixencuentro\/wp-content\/uploads\/2021\/10\/SebastianUreta-F.jpg?resize=640%2C640&#038;ssl=1\" alt=\"\" class=\"wp-image-387\" srcset=\"https:\/\/i0.wp.com\/cts-chile.cl\/ixencuentro\/wp-content\/uploads\/2021\/10\/SebastianUreta-F.jpg?w=640&amp;ssl=1 640w, https:\/\/i0.wp.com\/cts-chile.cl\/ixencuentro\/wp-content\/uploads\/2021\/10\/SebastianUreta-F.jpg?resize=300%2C300&amp;ssl=1 300w, https:\/\/i0.wp.com\/cts-chile.cl\/ixencuentro\/wp-content\/uploads\/2021\/10\/SebastianUreta-F.jpg?resize=150%2C150&amp;ssl=1 150w\" sizes=\"auto, (max-width: 640px) 100vw, 640px\" \/><\/figure>\n<\/div>\n\n\n\n<div class=\"wp-block-column is-layout-flow wp-block-column-is-layout-flow\">\n<p><a href=\"http:\/\/sociologia.uahurtado.cl\/team\/sebastian-ureta\/\">Sebasti\u00e1n Ureta<\/a><\/p>\n<\/div>\n\n\n\n<div class=\"wp-block-column is-layout-flow wp-block-column-is-layout-flow\">\n<p>Universidad Alberto Hurtado<\/p>\n<\/div>\n<\/div>\n\n\n\n<div class=\"wp-block-columns is-layout-flex wp-container-core-columns-is-layout-9d6595d7 wp-block-columns-is-layout-flex\">\n<div class=\"wp-block-column is-layout-flow wp-block-column-is-layout-flow\">\n<figure class=\"wp-block-image size-large\"><img data-recalc-dims=\"1\" loading=\"lazy\" decoding=\"async\" width=\"955\" height=\"1024\" src=\"https:\/\/i0.wp.com\/cts-chile.cl\/ixencuentro\/wp-content\/uploads\/2021\/10\/Francisco-1.jpg?resize=955%2C1024&#038;ssl=1\" alt=\"\" class=\"wp-image-385\" srcset=\"https:\/\/i0.wp.com\/cts-chile.cl\/ixencuentro\/wp-content\/uploads\/2021\/10\/Francisco-1.jpg?resize=955%2C1024&amp;ssl=1 955w, https:\/\/i0.wp.com\/cts-chile.cl\/ixencuentro\/wp-content\/uploads\/2021\/10\/Francisco-1.jpg?resize=280%2C300&amp;ssl=1 280w, https:\/\/i0.wp.com\/cts-chile.cl\/ixencuentro\/wp-content\/uploads\/2021\/10\/Francisco-1.jpg?resize=768%2C824&amp;ssl=1 768w, https:\/\/i0.wp.com\/cts-chile.cl\/ixencuentro\/wp-content\/uploads\/2021\/10\/Francisco-1.jpg?resize=690%2C740&amp;ssl=1 690w, https:\/\/i0.wp.com\/cts-chile.cl\/ixencuentro\/wp-content\/uploads\/2021\/10\/Francisco-1.jpg?resize=800%2C858&amp;ssl=1 800w, https:\/\/i0.wp.com\/cts-chile.cl\/ixencuentro\/wp-content\/uploads\/2021\/10\/Francisco-1.jpg?w=1214&amp;ssl=1 1214w\" sizes=\"auto, (max-width: 955px) 100vw, 955px\" \/><\/figure>\n<\/div>\n\n\n\n<div class=\"wp-block-column is-layout-flow wp-block-column-is-layout-flow\">\n<p><a href=\"https:\/\/barcelonasts.wordpress.com\/\">Francisco Javier Tirado<\/a><\/p>\n<\/div>\n\n\n\n<div class=\"wp-block-column is-layout-flow wp-block-column-is-layout-flow\">\n<p>Universitat Aut\u00f2noma de Barcelona<\/p>\n<\/div>\n<\/div>\n","protected":false},"excerpt":{"rendered":"<p>Karen Barad University of California Santa Cruz Mar\u00eda Galindo Mujeres Creando Sebasti\u00e1n Ureta Universidad Alberto Hurtado Francisco Javier Tirado Universitat Aut\u00f2noma de Barcelona<\/p>\n<a class=\"read-more-link\" href=\" https:\/\/cts-chile.cl\/ixencuentro\/conferencistas\/ \">Read More<\/a>","protected":false},"author":1,"featured_media":0,"parent":0,"menu_order":0,"comment_status":"closed","ping_status":"closed","template":"","meta":{"footnotes":""},"class_list":["post-297","page","type-page","status-publish","hentry","col-sm-6"],"jetpack_sharing_enabled":true,"_links":{"self":[{"href":"https:\/\/cts-chile.cl\/ixencuentro\/wp-json\/wp\/v2\/pages\/297","targetHints":{"allow":["GET"]}}],"collection":[{"href":"https:\/\/cts-chile.cl\/ixencuentro\/wp-json\/wp\/v2\/pages"}],"about":[{"href":"https:\/\/cts-chile.cl\/ixencuentro\/wp-json\/wp\/v2\/types\/page"}],"author":[{"embeddable":true,"href":"https:\/\/cts-chile.cl\/ixencuentro\/wp-json\/wp\/v2\/users\/1"}],"replies":[{"embeddable":true,"href":"https:\/\/cts-chile.cl\/ixencuentro\/wp-json\/wp\/v2\/comments?post=297"}],"version-history":[{"count":8,"href":"https:\/\/cts-chile.cl\/ixencuentro\/wp-json\/wp\/v2\/pages\/297\/revisions"}],"predecessor-version":[{"id":937,"href":"https:\/\/cts-chile.cl\/ixencuentro\/wp-json\/wp\/v2\/pages\/297\/revisions\/937"}],"wp:attachment":[{"href":"https:\/\/cts-chile.cl\/ixencuentro\/wp-json\/wp\/v2\/media?parent=297"}],"curies":[{"name":"wp","href":"https:\/\/api.w.org\/{rel}","templated":true}]}}

<div class="wp-block-columns is-layout-flex wp-container-core-columns-is-layout-9d6595d7 wp-block-columns-is-layout-flex">
<div class="wp-block-column is-layout-flow wp-block-column-is-layout-flow">
<figure class="wp-block-image size-full"><img data-recalc-dims="1" loading="lazy" decoding="async" width="768" height="894" src="https://i0.wp.com/cts-chile.cl/ixencuentro/wp-content/uploads/2021/10/E0JK56qWYAM5ZAP.jpg?resize=768%2C894&#038;ssl=1" alt="" class="wp-image-377" srcset="https://i0.wp.com/cts-chile.cl/ixencuentro/wp-content/uploads/2021/10/E0JK56qWYAM5ZAP.jpg?w=768&amp;ssl=1 768w, https://i0.wp.com/cts-chile.cl/ixencuentro/wp-content/uploads/2021/10/E0JK56qWYAM5ZAP.jpg?resize=258%2C300&amp;ssl=1 258w, https://i0.wp.com/cts-chile.cl/ixencuentro/wp-content/uploads/2021/10/E0JK56qWYAM5ZAP.jpg?resize=690%2C803&amp;ssl=1 690w" sizes="auto, (max-width: 768px) 100vw, 768px" /></figure>
</div>



<div class="wp-block-column is-layout-flow wp-block-column-is-layout-flow">
<p><a href="https://people.ucsc.edu/~kbarad/about.html">Karen Barad</a></p>



<p></p>



<p></p>



<p></p>



<p></p>



<p></p>



<p></p>



<p></p>
</div>



<div class="wp-block-column is-layout-flow wp-block-column-is-layout-flow">
<p>University of California Santa Cruz</p>



<p></p>
</div>
</div>



<div class="wp-block-columns is-layout-flex wp-container-core-columns-is-layout-9d6595d7 wp-block-columns-is-layout-flex">
<div class="wp-block-column is-layout-flow wp-block-column-is-layout-flow">
<figure class="wp-block-image size-full is-style-default"><img data-recalc-dims="1" loading="lazy" decoding="async" width="1024" height="684" src="https://i0.wp.com/cts-chile.cl/ixencuentro/wp-content/uploads/2021/11/Maria-Galindo_foto-Pablo-Ibanez-3-1024x684-1.jpg?resize=1024%2C684&#038;ssl=1" alt="" class="wp-image-936" srcset="https://i0.wp.com/cts-chile.cl/ixencuentro/wp-content/uploads/2021/11/Maria-Galindo_foto-Pablo-Ibanez-3-1024x684-1.jpg?w=1024&amp;ssl=1 1024w, https://i0.wp.com/cts-chile.cl/ixencuentro/wp-content/uploads/2021/11/Maria-Galindo_foto-Pablo-Ibanez-3-1024x684-1.jpg?resize=300%2C200&amp;ssl=1 300w, https://i0.wp.com/cts-chile.cl/ixencuentro/wp-content/uploads/2021/11/Maria-Galindo_foto-Pablo-Ibanez-3-1024x684-1.jpg?resize=768%2C513&amp;ssl=1 768w, https://i0.wp.com/cts-chile.cl/ixencuentro/wp-content/uploads/2021/11/Maria-Galindo_foto-Pablo-Ibanez-3-1024x684-1.jpg?resize=690%2C461&amp;ssl=1 690w, https://i0.wp.com/cts-chile.cl/ixencuentro/wp-content/uploads/2021/11/Maria-Galindo_foto-Pablo-Ibanez-3-1024x684-1.jpg?resize=800%2C534&amp;ssl=1 800w" sizes="auto, (max-width: 1024px) 100vw, 1024px" /></figure>
</div>



<div class="wp-block-column is-layout-flow wp-block-column-is-layout-flow">
<p><a href="https://en.wikipedia.org/wiki/Mar%C3%ADa_Galindo" target="_blank" rel="noreferrer noopener">María Galindo</a></p>
</div>



<div class="wp-block-column is-layout-flow wp-block-column-is-layout-flow">
<p>Mujeres Creando</p>
</div>
</div>



<div class="wp-block-columns is-layout-flex wp-container-core-columns-is-layout-9d6595d7 wp-block-columns-is-layout-flex">
<div class="wp-block-column is-layout-flow wp-block-column-is-layout-flow">
<figure class="wp-block-image size-full"><img data-recalc-dims="1" loading="lazy" decoding="async" width="640" height="640" src="https://i0.wp.com/cts-chile.cl/ixencuentro/wp-content/uploads/2021/10/SebastianUreta-F.jpg?resize=640%2C640&#038;ssl=1" alt="" class="wp-image-387" srcset="https://i0.wp.com/cts-chile.cl/ixencuentro/wp-content/uploads/2021/10/SebastianUreta-F.jpg?w=640&amp;ssl=1 640w, https://i0.wp.com/cts-chile.cl/ixencuentro/wp-content/uploads/2021/10/SebastianUreta-F.jpg?resize=300%2C300&amp;ssl=1 300w, https://i0.wp.com/cts-chile.cl/ixencuentro/wp-content/uploads/2021/10/SebastianUreta-F.jpg?resize=150%2C150&amp;ssl=1 150w" sizes="auto, (max-width: 640px) 100vw, 640px" /></figure>
</div>



<div class="wp-block-column is-layout-flow wp-block-column-is-layout-flow">
<p><a href="http://sociologia.uahurtado.cl/team/sebastian-ureta/">Sebastián Ureta</a></p>
</div>



<div class="wp-block-column is-layout-flow wp-block-column-is-layout-flow">
<p>Universidad Alberto Hurtado</p>
</div>
</div>



<div class="wp-block-columns is-layout-flex wp-container-core-columns-is-layout-9d6595d7 wp-block-columns-is-layout-flex">
<div class="wp-block-column is-layout-flow wp-block-column-is-layout-flow">
<figure class="wp-block-image size-large"><img data-recalc-dims="1" loading="lazy" decoding="async" width="955" height="1024" src="https://i0.wp.com/cts-chile.cl/ixencuentro/wp-content/uploads/2021/10/Francisco-1.jpg?resize=955%2C1024&#038;ssl=1" alt="" class="wp-image-385" srcset="https://i0.wp.com/cts-chile.cl/ixencuentro/wp-content/uploads/2021/10/Francisco-1.jpg?resize=955%2C1024&amp;ssl=1 955w, https://i0.wp.com/cts-chile.cl/ixencuentro/wp-content/uploads/2021/10/Francisco-1.jpg?resize=280%2C300&amp;ssl=1 280w, https://i0.wp.com/cts-chile.cl/ixencuentro/wp-content/uploads/2021/10/Francisco-1.jpg?resize=768%2C824&amp;ssl=1 768w, https://i0.wp.com/cts-chile.cl/ixencuentro/wp-content/uploads/2021/10/Francisco-1.jpg?resize=690%2C740&amp;ssl=1 690w, https://i0.wp.com/cts-chile.cl/ixencuentro/wp-content/uploads/2021/10/Francisco-1.jpg?resize=800%2C858&amp;ssl=1 800w, https://i0.wp.com/cts-chile.cl/ixencuentro/wp-content/uploads/2021/10/Francisco-1.jpg?w=1214&amp;ssl=1 1214w" sizes="auto, (max-width: 955px) 100vw, 955px" /></figure>
</div>



<div class="wp-block-column is-layout-flow wp-block-column-is-layout-flow">
<p><a href="https://barcelonasts.wordpress.com/">Francisco Javier Tirado</a></p>
</div>



<div class="wp-block-column is-layout-flow wp-block-column-is-layout-flow">
<p>Universitat Autònoma de Barcelona</p>
</div>
</div>

<p>Karen Barad University of California Santa Cruz María Galindo Mujeres Creando Sebastián Ureta Universidad Alberto Hurtado Francisco Javier Tirado Universitat Autònoma de Barcelona</p>
<a class="read-more-link" href=" https://cts-chile.cl/ixencuentro/conferencistas/ ">Read More</a>
