{"id":287,"date":"2021-10-23T22:32:09","date_gmt":"2021-10-23T22:32:09","guid":{"rendered":"https:\/\/cts-chile.cl\/ixencuentro\/?page_id=287"},"modified":"2021-11-30T21:23:41","modified_gmt":"2021-11-30T21:23:41","slug":"participa","status":"publish","type":"page","link":"https:\/\/cts-chile.cl\/ixencuentro\/participa\/","title":{"rendered":"Participa"},"content":{"rendered":"\n<p>Existen diversas formas de participar y fechas para el env\u00edo de propuestas para cada una de ellas. Puedes encontrar la informaci\u00f3n a continuaci\u00f3n.<\/p>\n\n\n\n<p>Cabe recordar que cualquier modalidad de participaci\u00f3n no conlleva costos monetarios asociados.<\/p>\n\n\n\n<!--more-->\n\n\n\n<figure class=\"wp-block-image size-large\"><img data-recalc-dims=\"1\" loading=\"lazy\" decoding=\"async\" width=\"1200\" height=\"750\" src=\"https:\/\/i0.wp.com\/cts-chile.cl\/ixencuentro\/wp-content\/uploads\/2021\/10\/cohjucontemporaryart-mio-yamato-red-dot-2019-edited.jpg?resize=1200%2C750&#038;ssl=1\" alt=\"\" class=\"wp-image-290\" srcset=\"https:\/\/i0.wp.com\/cts-chile.cl\/ixencuentro\/wp-content\/uploads\/2021\/10\/cohjucontemporaryart-mio-yamato-red-dot-2019-edited.jpg?w=1200&amp;ssl=1 1200w, https:\/\/i0.wp.com\/cts-chile.cl\/ixencuentro\/wp-content\/uploads\/2021\/10\/cohjucontemporaryart-mio-yamato-red-dot-2019-edited.jpg?resize=300%2C188&amp;ssl=1 300w, https:\/\/i0.wp.com\/cts-chile.cl\/ixencuentro\/wp-content\/uploads\/2021\/10\/cohjucontemporaryart-mio-yamato-red-dot-2019-edited.jpg?resize=1024%2C640&amp;ssl=1 1024w, https:\/\/i0.wp.com\/cts-chile.cl\/ixencuentro\/wp-content\/uploads\/2021\/10\/cohjucontemporaryart-mio-yamato-red-dot-2019-edited.jpg?resize=768%2C480&amp;ssl=1 768w, https:\/\/i0.wp.com\/cts-chile.cl\/ixencuentro\/wp-content\/uploads\/2021\/10\/cohjucontemporaryart-mio-yamato-red-dot-2019-edited.jpg?resize=690%2C431&amp;ssl=1 690w, https:\/\/i0.wp.com\/cts-chile.cl\/ixencuentro\/wp-content\/uploads\/2021\/10\/cohjucontemporaryart-mio-yamato-red-dot-2019-edited.jpg?resize=800%2C500&amp;ssl=1 800w\" sizes=\"auto, (max-width: 1200px) 100vw, 1200px\" \/><\/figure>\n\n\n\n<p class=\"has-large-font-size\"><strong><span class=\"has-inline-color has-vivid-red-color\">L\u00edneas tem\u00e1ticas y paneles.<\/span><\/strong><\/p>\n\n\n\n<p>Invitamos a personas o colectivos interesados en proponer l\u00edneas de problematizaci\u00f3n de las relaciones entre ciencia, tecnolog\u00eda y sociedad, en la forma de l\u00edneas tem\u00e1ticas o paneles, hasta el d\u00eda<strong> domingo 7 de noviembre de 2021 (nueva fecha)<\/strong>, seg\u00fan las siguientes consideraciones:<\/p>\n\n\n\n<ol class=\"wp-block-list\"><li><strong>L\u00ednea tem\u00e1tica: <\/strong>refiere a un \u00e1mbito, problema o campo que establece relaciones entre la tecnociencia y la sociedad, y que invita a diversas personas a enviar sus propuestas de exposici\u00f3n o di\u00e1logo.<\/li><li><strong>Panel:<\/strong> consiste en una propuesta de \u00e1mbito, problema o campo cerrada, que considera a los(as) expositores(as) que formar\u00e1n parte de la discusi\u00f3n.<\/li><\/ol>\n\n\n\n<p><strong>Fecha l\u00edmite de env\u00edo:<\/strong> domingo 7 de noviembre de 2021.<\/p>\n\n\n\n<p><a href=\"https:\/\/cts-chile.cl\/ixencuentro\/lineasypaneles\/\"><strong>Enlace para propuestas de l\u00edneas tem\u00e1ticas y paneles<\/strong><\/a>.<\/p>\n\n\n\n<p><\/p>\n\n\n\n<p><\/p>\n\n\n\n<p class=\"has-large-font-size\"><strong><span class=\"has-inline-color has-vivid-red-color\">Workshops.<\/span><\/strong><\/p>\n\n\n\n<p>Llamamos al interesados e interesadas en el desarrollo de talleres o workshops en torno a tem\u00e1ticas, problemas o metodolog\u00edas de investigaci\u00f3n e intervenci\u00f3n desde la perspectiva de los estudios de ciencia, tecnolog\u00eda y sociedad. Quienes expresen inter\u00e9s en el desarrollo de este tipo de propuestas, pueden registrarlas <strong>hasta el d\u00eda domingo 5 de diciembre de 2021 (\u00faltima fecha)<\/strong>, seg\u00fan las siguientes consideraciones:<\/p>\n\n\n\n<ol class=\"wp-block-list\"><li><strong>P\u00fablico: <\/strong>considerar que es posible expresen inter\u00e9s en participar estudiantes de diversos \u00e1mbitos de formaci\u00f3n, tanto de pregrado como de postgrado.<\/li><li><strong>Modalidad: <\/strong>se privilegiar\u00e1 el desarrollo de talleres en modalidad online. Propuestas que consideren actividades presenciales, deber\u00e1n ser coordinadas con el equipo organizador del encuentro.<\/li><\/ol>\n\n\n\n<p><strong>Fecha l\u00edmite de env\u00edo:<\/strong> domingo 5 de diciembre de 2021.<\/p>\n\n\n\n<p><a href=\"https:\/\/cts-chile.cl\/ixencuentro\/registro-de-workshops\/\"><strong>Enlace para propuestas de workshops<\/strong><\/a>.<\/p>\n\n\n\n<p><\/p>\n\n\n\n<p><\/p>\n\n\n\n<p class=\"has-vivid-red-color has-text-color has-large-font-size\"><strong>Ponencias.<\/strong><\/p>\n\n\n\n<p>La recepci\u00f3n de ponencias<strong> <\/strong>se <strong>mantendr\u00e1 hasta el 5 de diciembre de 2021 (\u00faltima fecha)<\/strong>. Ser\u00e1 ideal que las ponencias se alineen a las tem\u00e1ticas propuestas durante la convocatoria. Sin embargo, tambi\u00e9n ser\u00e1n recibidas ponencias libres.<\/p>\n\n\n\n<p>Las l\u00edneas tem\u00e1ticas propuestas para el IX Encuentro CTS-Chile son las siguientes:<\/p>\n\n\n\n<ol class=\"wp-block-list\"><li>Devenir e individuaci\u00f3n en el encuentro entre Aparatos T\u00e9cnicos y Sistemas Naturales en Latinoam\u00e9rica.<\/li><li>Pol\u00edtica de Ciencia, Tecnolog\u00eda e Innovaci\u00f3n para el Desarrollo.<\/li><li>Dispositivos y Ensamblajes en la constituci\u00f3n, violaci\u00f3n y reparaci\u00f3n de derechos \u2018m\u00e1s que humanos\u2019.<\/li><li>Colaboraci\u00f3n ciencia\/sociedad\/naturaleza en un contexto de crisis ambiental: Experiencias y reflexiones.<\/li><li>Abismos jur\u00eddicos, fronteras pol\u00edticas y tensiones en territorios digitales.<\/li><li>Futuros Latinoamericanos: Artefactos, mecanismos y visiones tecnol\u00f3gicas.<\/li><li>Ecolog\u00edas log\u00edsticas y extractivas.<\/li><li>Los abismos de las infraestructuras y las infraestructuras abismales. Pol\u00edticas de reparaciones, remiendos, cuidados, comunidades, quiebres, roturas, deslices, ruinas, deshechos y olvidos.<\/li><li>Pol\u00edticas de lo impensable: c\u00f3mo hacer, pensar e intervenir en el l\u00edmite de lo posible.<\/li><li>Lesionar el conocimiento: repensar el campo CTS a trav\u00e9s de las heridas.<\/li><li>Las encrucijadas de la Comunicaci\u00f3n P\u00fablica de la Ciencia y la Tecnolog\u00eda. Incertidumbre, riesgo y controversias en las pr\u00e1cticas cient\u00edficas.<\/li><li>Pol\u00edtica cient\u00edfica en tiempos de transformaci\u00f3n.<\/li><li>Estudios Sociales de la Salud.<\/li><li>Hacking gender, hacking technology.<\/li><li>Tecnolog\u00edas locales y conviviales para la acci\u00f3n clim\u00e1tica: hacia una agenda de investigaci\u00f3n.<\/li><\/ol>\n\n\n\n<p><strong>Fecha l\u00edmite de env\u00edo:<\/strong> domingo 5 de diciembre de 2021.<\/p>\n\n\n\n<p><strong><a href=\"https:\/\/cts-chile.cl\/ixencuentro\/ponencias\/\">Enlace para env\u00edo de ponencias<\/a>.<\/strong><\/p>\n\n\n\n<hr class=\"wp-block-separator\"\/>\n\n\n\n<p class=\"has-large-font-size\"><strong><span class=\"has-inline-color has-vivid-red-color\">Modalidad de participaci\u00f3n.<\/span><\/strong><\/p>\n\n\n\n<p>Considerando la incertidumbre sobre las condiciones sanitarias asociadas a la pandemia Covid-19, todas las actividades se exposici\u00f3n se organizar\u00e1n de modo online o h\u00edbrido.<\/p>\n","protected":false},"excerpt":{"rendered":"<p>Existen diversas formas de participar y fechas para el env\u00edo de propuestas para cada una de ellas. Puedes encontrar la informaci\u00f3n a continuaci\u00f3n. Cabe recordar que cualquier modalidad de participaci\u00f3n no conlleva costos monetarios asociados.<\/p>\n<a class=\"read-more-link\" href=\" https:\/\/cts-chile.cl\/ixencuentro\/participa\/ \">Read More<\/a>","protected":false},"author":1,"featured_media":0,"parent":0,"menu_order":0,"comment_status":"closed","ping_status":"closed","template":"","meta":{"footnotes":""},"class_list":["post-287","page","type-page","status-publish","hentry","col-sm-6"],"jetpack_sharing_enabled":true,"_links":{"self":[{"href":"https:\/\/cts-chile.cl\/ixencuentro\/wp-json\/wp\/v2\/pages\/287","targetHints":{"allow":["GET"]}}],"collection":[{"href":"https:\/\/cts-chile.cl\/ixencuentro\/wp-json\/wp\/v2\/pages"}],"about":[{"href":"https:\/\/cts-chile.cl\/ixencuentro\/wp-json\/wp\/v2\/types\/page"}],"author":[{"embeddable":true,"href":"https:\/\/cts-chile.cl\/ixencuentro\/wp-json\/wp\/v2\/users\/1"}],"replies":[{"embeddable":true,"href":"https:\/\/cts-chile.cl\/ixencuentro\/wp-json\/wp\/v2\/comments?post=287"}],"version-history":[{"count":10,"href":"https:\/\/cts-chile.cl\/ixencuentro\/wp-json\/wp\/v2\/pages\/287\/revisions"}],"predecessor-version":[{"id":948,"href":"https:\/\/cts-chile.cl\/ixencuentro\/wp-json\/wp\/v2\/pages\/287\/revisions\/948"}],"wp:attachment":[{"href":"https:\/\/cts-chile.cl\/ixencuentro\/wp-json\/wp\/v2\/media?parent=287"}],"curies":[{"name":"wp","href":"https:\/\/api.w.org\/{rel}","templated":true}]}}